Last updated on 2024-04-26 21:57:33 CEST.
Flavor | Version | Tinstall | Tcheck | Ttotal | Status | Flags |
---|---|---|---|---|---|---|
r-devel-linux-x86_64-debian-clang | 1.1.2 | 14.50 | 122.99 | 137.49 | OK | |
r-devel-linux-x86_64-debian-gcc | 1.1.2 | 11.22 | 90.65 | 101.87 | OK | |
r-devel-linux-x86_64-fedora-clang | 1.1.2 | 172.65 | NOTE | |||
r-devel-linux-x86_64-fedora-gcc | 1.1.2 | 161.97 | NOTE | |||
r-devel-windows-x86_64 | 1.1.2 | 13.00 | 103.00 | 116.00 | OK | |
r-patched-linux-x86_64 | 1.1.2 | 11.83 | 118.34 | 130.17 | OK | |
r-release-linux-x86_64 | 1.1.2 | 10.17 | 121.44 | 131.61 | OK | |
r-release-macos-arm64 | 1.1.2 | 43.00 | OK | |||
r-release-windows-x86_64 | 1.1.2 | 11.00 | 99.00 | 110.00 | OK | |
r-oldrel-macos-arm64 | 1.1.2 | 51.00 | OK | |||
r-oldrel-macos-x86_64 | 1.1.2 | 84.00 | OK | |||
r-oldrel-windows-x86_64 | 1.1.2 | 18.00 | 124.00 | 142.00 | OK |
Version: 1.1.2
Check: dependencies in R code
Result: NOTE
Namespace in Imports field not imported from: ‘rlist’
All declared Imports should be used.
Flavors: r-devel-linux-x86_64-fedora-clang, r-devel-linux-x86_64-fedora-gcc