CRAN Package Check Results for Package SOAs

Last updated on 2022-12-02 20:53:26 CET.

Flavor Version Tinstall Tcheck Ttotal Status Flags
r-devel-linux-x86_64-debian-clang 1.3 11.38 132.22 143.60 OK
r-devel-linux-x86_64-debian-gcc 1.3 7.22 93.96 101.18 OK
r-devel-linux-x86_64-fedora-clang 1.3 192.16 NOTE
r-devel-linux-x86_64-fedora-gcc 1.3 195.44 NOTE
r-devel-windows-x86_64 1.3 33.00 166.00 199.00 OK
r-patched-linux-x86_64 1.3 10.17 124.62 134.79 OK
r-release-linux-x86_64 1.3 9.66 127.36 137.02 OK
r-release-macos-arm64 1.3 48.00 NOTE
r-release-macos-x86_64 1.3 64.00 NOTE
r-release-windows-x86_64 1.3 20.00 170.00 190.00 OK
r-oldrel-macos-arm64 1.3 46.00 NOTE
r-oldrel-macos-x86_64 1.3 62.00 NOTE
r-oldrel-windows-ix86+x86_64 1.3 19.00 169.00 188.00 OK

Check Details

Version: 1.3
Check: dependencies in R code
Result: NOTE
    Namespaces in Imports field not imported from:
     ‘iterators’ ‘itertools’
     All declared Imports should be used.
Flavors: r-devel-linux-x86_64-fedora-clang, r-devel-linux-x86_64-fedora-gcc, r-release-macos-arm64, r-release-macos-x86_64, r-oldrel-macos-arm64, r-oldrel-macos-x86_64