Last updated on 2024-03-27 19:57:06 CET.
Flavor | Version | Tinstall | Tcheck | Ttotal | Status | Flags |
---|---|---|---|---|---|---|
r-devel-linux-x86_64-debian-clang | 2.1-0 | 17.77 | 290.21 | 307.98 | OK | |
r-devel-linux-x86_64-debian-gcc | 2.1-0 | 17.69 | 217.45 | 235.14 | OK | |
r-devel-linux-x86_64-fedora-clang | 2.1-0 | 414.88 | OK | |||
r-devel-linux-x86_64-fedora-gcc | 2.1-0 | 399.79 | OK | |||
r-devel-windows-x86_64 | 2.1-0 | 19.00 | 228.00 | 247.00 | OK | |
r-patched-linux-x86_64 | 2.1-0 | 15.25 | 289.06 | 304.31 | OK | |
r-release-linux-x86_64 | 2.1-0 | 15.05 | 288.65 | 303.70 | OK | |
r-release-macos-arm64 | 2.1-0 | 114.00 | NOTE | |||
r-release-macos-x86_64 | 2.1-0 | 177.00 | NOTE | |||
r-release-windows-x86_64 | 2.1-0 | 25.00 | 289.00 | 314.00 | OK | |
r-oldrel-macos-arm64 | 2.1-0 | 107.00 | OK | |||
r-oldrel-windows-x86_64 | 2.1-0 | 27.00 | 300.00 | 327.00 | OK |
Version: 2.1-0
Check: package dependencies
Result: NOTE
Packages suggested but not available for checking:
'VariantAnnotation', 'TxDb.Hsapiens.UCSC.hg19.knownGene'
Flavor: r-release-macos-arm64
Version: 2.1-0
Check: package dependencies
Result: NOTE
Packages suggested but not available for checking:
'VariantAnnotation', 'org.Hs.eg.db',
'TxDb.Hsapiens.UCSC.hg19.knownGene'
Flavor: r-release-macos-x86_64