Last updated on 2024-04-18 21:57:06 CEST.
Flavor | Version | Tinstall | Tcheck | Ttotal | Status | Flags |
---|---|---|---|---|---|---|
r-devel-linux-x86_64-debian-clang | 1.1.1 | 53.93 | 36.00 | 89.93 | NOTE | |
r-devel-linux-x86_64-debian-gcc | 1.1.1 | 37.76 | 27.80 | 65.56 | NOTE | |
r-devel-linux-x86_64-fedora-clang | 1.1.1 | 120.62 | NOTE | |||
r-devel-linux-x86_64-fedora-gcc | 1.1.1 | 121.22 | NOTE | |||
r-prerel-macos-arm64 | 1.1.1 | 38.00 | NOTE | |||
r-prerel-windows-x86_64 | 1.1.1 | 37.00 | 74.00 | 111.00 | NOTE | |
r-patched-linux-x86_64 | 1.1.1 | 45.84 | 35.23 | 81.07 | NOTE | |
r-release-linux-x86_64 | 1.1.1 | 45.57 | 34.99 | 80.56 | NOTE | |
r-release-macos-arm64 | 1.1.1 | 37.00 | NOTE | |||
r-release-macos-x86_64 | 1.1.1 | 59.00 | NOTE | |||
r-release-windows-x86_64 | 1.1.1 | 44.00 | 79.00 | 123.00 | NOTE | |
r-oldrel-macos-arm64 | 1.1.1 | 38.00 | OK | |||
r-oldrel-windows-x86_64 | 1.1.1 | 45.00 | 78.00 | 123.00 | OK |
Version: 1.1.1
Check: C++ specification
Result: NOTE
Specified C++11: please drop specification unless essential
Flavors: r-devel-linux-x86_64-debian-clang, r-devel-linux-x86_64-debian-gcc, r-devel-linux-x86_64-fedora-clang, r-devel-linux-x86_64-fedora-gcc, r-prerel-macos-arm64, r-prerel-windows-x86_64, r-patched-linux-x86_64, r-release-linux-x86_64, r-release-macos-arm64, r-release-macos-x86_64, r-release-windows-x86_64