CRAN Package Check Results for Package SLOPE

Last updated on 2024-06-12 20:59:15 CEST.

Flavor Version Tinstall Tcheck Ttotal Status Flags
r-devel-linux-x86_64-debian-clang 0.5.0 187.17 173.13 360.30 NOTE
r-devel-linux-x86_64-debian-gcc 0.5.0 0.47 1.90 2.37 ERROR
r-devel-linux-x86_64-fedora-clang 0.5.0 538.37 NOTE
r-devel-linux-x86_64-fedora-gcc 0.5.0 533.45 NOTE
r-devel-windows-x86_64 0.5.0 146.00 199.00 345.00 NOTE
r-patched-linux-x86_64 0.5.0 158.70 170.20 328.90 NOTE
r-release-linux-x86_64 0.5.0 153.81 168.20 322.01 NOTE
r-release-macos-arm64 0.5.0 115.00 NOTE
r-release-macos-x86_64 0.5.0 141.00 NOTE
r-release-windows-x86_64 0.5.0 142.00 200.00 342.00 NOTE
r-oldrel-macos-arm64 0.5.0 147.00 NOTE
r-oldrel-macos-x86_64 0.5.0 236.00 NOTE
r-oldrel-windows-x86_64 0.5.0 179.00 228.00 407.00 NOTE

Check Details

Version: 0.5.0
Check: C++ specification
Result: NOTE Specified C++11: please drop specification unless essential Flavors: r-devel-linux-x86_64-debian-clang, r-devel-linux-x86_64-fedora-clang, r-devel-linux-x86_64-fedora-gcc, r-devel-windows-x86_64, r-patched-linux-x86_64, r-release-linux-x86_64, r-release-macos-arm64, r-release-macos-x86_64, r-release-windows-x86_64, r-oldrel-macos-arm64, r-oldrel-macos-x86_64, r-oldrel-windows-x86_64

Version: 0.5.0
Check: package dependencies
Result: ERROR Packages required but not available: 'ggplot2', 'mice' Packages suggested but not available for checking: 'bench', 'caret', 'dplyr', 'stringr', 'testthat', 'tidyr', 'vdiffr' See section ‘The DESCRIPTION file’ in the ‘Writing R Extensions’ manual. Flavor: r-devel-linux-x86_64-debian-gcc

Version: 0.5.0
Check: dependencies in R code
Result: NOTE Namespaces in Imports field not imported from: ‘checkmate’ ‘glmnet’ ‘mice’ All declared Imports should be used. Flavors: r-devel-linux-x86_64-fedora-clang, r-devel-linux-x86_64-fedora-gcc

Version: 0.5.0
Check: installed package size
Result: NOTE installed size is 8.9Mb sub-directories of 1Mb or more: libs 8.4Mb Flavors: r-release-macos-arm64, r-release-macos-x86_64, r-oldrel-macos-arm64, r-oldrel-macos-x86_64

Version: 0.5.0
Check: package dependencies
Result: NOTE Package suggested but not available for checking: ‘caret’ Flavor: r-oldrel-macos-x86_64

Version: 0.5.0
Check: Rd cross-references
Result: NOTE Package unavailable to check Rd xrefs: ‘caret’ Flavor: r-oldrel-macos-x86_64