Last updated on 2024-04-17 20:57:49 CEST.
Flavor | Version | Tinstall | Tcheck | Ttotal | Status | Flags |
---|---|---|---|---|---|---|
r-devel-linux-x86_64-debian-clang | 0.5.0 | 196.51 | 177.85 | 374.36 | NOTE | |
r-devel-linux-x86_64-debian-gcc | 0.5.0 | 152.00 | 124.62 | 276.62 | NOTE | |
r-devel-linux-x86_64-fedora-clang | 0.5.0 | 512.64 | NOTE | |||
r-devel-linux-x86_64-fedora-gcc | 0.5.0 | 519.41 | NOTE | |||
r-prerel-macos-arm64 | 0.5.0 | 115.00 | NOTE | |||
r-prerel-windows-x86_64 | 0.5.0 | 145.00 | 202.00 | 347.00 | NOTE | |
r-patched-linux-x86_64 | 0.5.0 | 155.34 | 172.38 | 327.72 | NOTE | |
r-release-linux-x86_64 | 0.5.0 | 144.84 | 168.81 | 313.65 | NOTE | |
r-release-macos-arm64 | 0.5.0 | 147.00 | NOTE | |||
r-release-macos-x86_64 | 0.5.0 | 236.00 | NOTE | |||
r-release-windows-x86_64 | 0.5.0 | 179.00 | 228.00 | 407.00 | NOTE | |
r-oldrel-macos-arm64 | 0.5.0 | 131.00 | NOTE | |||
r-oldrel-windows-x86_64 | 0.5.0 | 173.00 | 219.00 | 392.00 | OK |
Version: 0.5.0
Check: C++ specification
Result: NOTE
Specified C++11: please drop specification unless essential
Flavors: r-devel-linux-x86_64-debian-clang, r-devel-linux-x86_64-debian-gcc, r-devel-linux-x86_64-fedora-clang, r-devel-linux-x86_64-fedora-gcc, r-prerel-macos-arm64, r-prerel-windows-x86_64, r-patched-linux-x86_64, r-release-linux-x86_64, r-release-macos-arm64, r-release-macos-x86_64, r-release-windows-x86_64
Version: 0.5.0
Check: dependencies in R code
Result: NOTE
Namespaces in Imports field not imported from:
‘checkmate’ ‘glmnet’ ‘mice’
All declared Imports should be used.
Flavors: r-devel-linux-x86_64-fedora-clang, r-devel-linux-x86_64-fedora-gcc, r-oldrel-macos-arm64
Version: 0.5.0
Check: installed package size
Result: NOTE
installed size is 8.9Mb
sub-directories of 1Mb or more:
libs 8.4Mb
Flavors: r-prerel-macos-arm64, r-release-macos-arm64, r-release-macos-x86_64, r-oldrel-macos-arm64
Version: 0.5.0
Check: package dependencies
Result: NOTE
Package suggested but not available for checking: ‘caret’
Flavor: r-release-macos-x86_64
Version: 0.5.0
Check: Rd cross-references
Result: NOTE
Package unavailable to check Rd xrefs: ‘caret’
Flavor: r-release-macos-x86_64