Last updated on 2023-06-06 21:01:05 CEST.
Flavor | Version | Tinstall | Tcheck | Ttotal | Status | Flags |
---|---|---|---|---|---|---|
r-devel-linux-x86_64-debian-clang | 0.5.0 | 179.20 | 191.09 | 370.29 | NOTE | |
r-devel-linux-x86_64-debian-gcc | 0.5.0 | 145.73 | 136.93 | 282.66 | NOTE | |
r-devel-linux-x86_64-fedora-clang | 0.5.0 | 579.76 | NOTE | |||
r-devel-linux-x86_64-fedora-gcc | 0.5.0 | 560.69 | NOTE | |||
r-devel-windows-x86_64 | 0.5.0 | 135.00 | 210.00 | 345.00 | NOTE | |
r-patched-linux-x86_64 | 0.5.0 | 149.17 | 183.74 | 332.91 | NOTE | |
r-release-linux-x86_64 | 0.5.0 | 115.89 | 179.57 | 295.46 | NOTE | |
r-release-macos-arm64 | 0.5.0 | 147.00 | NOTE | |||
r-release-macos-x86_64 | 0.5.0 | 236.00 | NOTE | |||
r-release-windows-x86_64 | 0.5.0 | 184.00 | 241.00 | 425.00 | NOTE | |
r-oldrel-macos-arm64 | 0.5.0 | 131.00 | NOTE | |||
r-oldrel-macos-x86_64 | 0.5.0 | 159.00 | NOTE | |||
r-oldrel-windows-x86_64 | 0.5.0 | 178.00 | 243.00 | 421.00 | OK |
Version: 0.5.0
Check: C++ specification
Result: NOTE
Specified C++11: please drop specification unless essential
Flavors: r-devel-linux-x86_64-debian-clang, r-devel-linux-x86_64-debian-gcc, r-devel-linux-x86_64-fedora-clang, r-devel-linux-x86_64-fedora-gcc, r-devel-windows-x86_64, r-patched-linux-x86_64, r-release-linux-x86_64, r-release-macos-arm64, r-release-macos-x86_64, r-release-windows-x86_64
Version: 0.5.0
Check: dependencies in R code
Result: NOTE
Namespaces in Imports field not imported from:
‘checkmate’ ‘glmnet’ ‘mice’
All declared Imports should be used.
Flavors: r-devel-linux-x86_64-fedora-clang, r-devel-linux-x86_64-fedora-gcc, r-oldrel-macos-arm64, r-oldrel-macos-x86_64
Version: 0.5.0
Check: installed package size
Result: NOTE
installed size is 9.4Mb
sub-directories of 1Mb or more:
libs 8.9Mb
Flavors: r-release-macos-arm64, r-release-macos-x86_64, r-oldrel-macos-arm64, r-oldrel-macos-x86_64
Version: 0.5.0
Check: package dependencies
Result: NOTE
Package suggested but not available for checking: ‘caret’
Flavor: r-release-macos-x86_64
Version: 0.5.0
Check: Rd cross-references
Result: NOTE
Package unavailable to check Rd xrefs: ‘caret’
Flavor: r-release-macos-x86_64