Last updated on 2024-07-17 20:57:12 CEST.
Flavor | Version | Tinstall | Tcheck | Ttotal | Status | Flags |
---|---|---|---|---|---|---|
r-devel-linux-x86_64-debian-clang | 0.2.2 | 14.92 | 263.20 | 278.12 | NOTE | |
r-devel-linux-x86_64-debian-gcc | 0.2.2 | 13.93 | 205.77 | 219.70 | NOTE | |
r-devel-linux-x86_64-fedora-clang | 0.2.2 | 367.49 | NOTE | |||
r-devel-linux-x86_64-fedora-gcc | 0.2.2 | 389.65 | NOTE | |||
r-devel-windows-x86_64 | 0.2.2 | 15.00 | 198.00 | 213.00 | NOTE | |
r-patched-linux-x86_64 | 0.2.2 | 10.85 | 252.96 | 263.81 | NOTE | |
r-release-linux-x86_64 | 0.2.2 | 10.89 | 248.79 | 259.68 | NOTE | |
r-release-macos-arm64 | 0.2.2 | 103.00 | NOTE | |||
r-release-macos-x86_64 | 0.2.2 | 137.00 | NOTE | |||
r-release-windows-x86_64 | 0.2.2 | 15.00 | 204.00 | 219.00 | NOTE | |
r-oldrel-macos-arm64 | 0.2.2 | 109.00 | OK | |||
r-oldrel-macos-x86_64 | 0.2.2 | 174.00 | OK | |||
r-oldrel-windows-x86_64 | 0.2.2 | 21.00 | 255.00 | 276.00 | OK |
Version: 0.2.2
Check: Rd files
Result: NOTE
checkRd: (-1) SISIR.Rd:41: Lost braces in \itemize; \value handles \item{}{} directly
checkRd: (-1) SISIR.Rd:42-43: Lost braces in \itemize; \value handles \item{}{} directly
checkRd: (-1) SISIR.Rd:44: Lost braces in \itemize; \value handles \item{}{} directly
checkRd: (-1) SISIR.Rd:45-47: Lost braces in \itemize; \value handles \item{}{} directly
checkRd: (-1) SISIR.Rd:48-49: Lost braces in \itemize; \value handles \item{}{} directly
checkRd: (-1) SISIR.Rd:50: Lost braces in \itemize; \value handles \item{}{} directly
checkRd: (-1) ridgeSIR.Rd:23: Lost braces in \itemize; \value handles \item{}{} directly
checkRd: (-1) ridgeSIR.Rd:24-25: Lost braces in \itemize; \value handles \item{}{} directly
checkRd: (-1) ridgeSIR.Rd:26-27: Lost braces in \itemize; \value handles \item{}{} directly
checkRd: (-1) ridgeSIR.Rd:28-33: Lost braces in \itemize; \value handles \item{}{} directly
checkRd: (-1) ridgeSIR.Rd:30: Lost braces in \itemize; \value handles \item{}{} directly
checkRd: (-1) ridgeSIR.Rd:31: Lost braces in \itemize; \value handles \item{}{} directly
checkRd: (-1) ridgeSIR.Rd:32: Lost braces in \itemize; \value handles \item{}{} directly
checkRd: (-1) ridgeSIR.Rd:34-40: Lost braces in \itemize; \value handles \item{}{} directly
checkRd: (-1) ridgeSIR.Rd:36: Lost braces in \itemize; \value handles \item{}{} directly
checkRd: (-1) ridgeSIR.Rd:37: Lost braces in \itemize; \value handles \item{}{} directly
checkRd: (-1) ridgeSIR.Rd:38-39: Lost braces in \itemize; \value handles \item{}{} directly
checkRd: (-1) sparseSIR.Rd:38: Lost braces in \itemize; \value handles \item{}{} directly
checkRd: (-1) sparseSIR.Rd:39-40: Lost braces in \itemize; \value handles \item{}{} directly
checkRd: (-1) sparseSIR.Rd:41-42: Lost braces in \itemize; \value handles \item{}{} directly
checkRd: (-1) sparseSIR.Rd:43-47: Lost braces in \itemize; \value handles \item{}{} directly
checkRd: (-1) sparseSIR.Rd:45: Lost braces in \itemize; \value handles \item{}{} directly
checkRd: (-1) sparseSIR.Rd:46: Lost braces in \itemize; \value handles \item{}{} directly
checkRd: (-1) sparseSIR.Rd:48-53: Lost braces in \itemize; \value handles \item{}{} directly
checkRd: (-1) sparseSIR.Rd:50: Lost braces in \itemize; \value handles \item{}{} directly
checkRd: (-1) sparseSIR.Rd:51-52: Lost braces in \itemize; \value handles \item{}{} directly
checkRd: (-1) sparseSIR.Rd:54: Lost braces in \itemize; \value handles \item{}{} directly
checkRd: (-1) sparseSIR.Rd:55-60: Lost braces in \itemize; \value handles \item{}{} directly
Flavors: r-devel-linux-x86_64-debian-clang, r-devel-linux-x86_64-debian-gcc, r-devel-linux-x86_64-fedora-clang, r-devel-linux-x86_64-fedora-gcc, r-devel-windows-x86_64, r-patched-linux-x86_64, r-release-linux-x86_64, r-release-macos-arm64, r-release-macos-x86_64, r-release-windows-x86_64