Last updated on 2024-04-18 21:57:05 CEST.
Flavor | Version | Tinstall | Tcheck | Ttotal | Status | Flags |
---|---|---|---|---|---|---|
r-devel-linux-x86_64-debian-clang | 0.1.8 | 159.86 | 115.69 | 275.55 | NOTE | |
r-devel-linux-x86_64-debian-gcc | 0.1.8 | 118.27 | 84.27 | 202.54 | NOTE | |
r-devel-linux-x86_64-fedora-clang | 0.1.8 | 395.36 | NOTE | |||
r-devel-linux-x86_64-fedora-gcc | 0.1.8 | 368.08 | NOTE | |||
r-prerel-macos-arm64 | 0.1.8 | 75.00 | NOTE | |||
r-prerel-windows-x86_64 | 0.1.8 | 122.00 | 132.00 | 254.00 | NOTE | |
r-patched-linux-x86_64 | 0.1.8 | 154.45 | 110.98 | 265.43 | NOTE | |
r-release-linux-x86_64 | 0.1.8 | 150.00 | 112.15 | 262.15 | NOTE | |
r-release-macos-arm64 | 0.1.8 | 94.00 | NOTE | |||
r-release-macos-x86_64 | 0.1.8 | 150.00 | NOTE | |||
r-release-windows-x86_64 | 0.1.8 | 155.00 | 164.00 | 319.00 | NOTE | |
r-oldrel-macos-arm64 | 0.1.8 | 83.00 | ERROR | |||
r-oldrel-windows-x86_64 | 0.1.8 | 154.00 | 146.00 | 300.00 | OK |
Version: 0.1.8
Check: C++ specification
Result: NOTE
Specified C++11: please drop specification unless essential
Flavors: r-devel-linux-x86_64-debian-clang, r-devel-linux-x86_64-debian-gcc, r-devel-linux-x86_64-fedora-clang, r-devel-linux-x86_64-fedora-gcc, r-prerel-macos-arm64, r-prerel-windows-x86_64, r-patched-linux-x86_64, r-release-linux-x86_64, r-release-macos-arm64, r-release-macos-x86_64, r-release-windows-x86_64
Version: 0.1.8
Check: PDF version of manual
Result: WARN
LaTeX errors when creating PDF version.
This typically indicates Rd problems.
LaTeX errors found:
! Undefined control sequence.
<argument> X \in \mathbb
{R}{n\times p}
l.3264 ...data \eqn{X \in \mathbb{R}{n\times p}}{}
such that its rows are
! Undefined control sequence.
<argument> ...Delta _{p-1} =\lbrace z \in \mathbb
{R}^p~|~z_j > 0, \sum _{i=...
l.3267 }{}
test whether the data is uniformly distributed.
Flavor: r-oldrel-macos-arm64
Version: 0.1.8
Check: PDF version of manual without index
Result: ERROR
Flavor: r-oldrel-macos-arm64