Last updated on 2025-07-03 20:50:52 CEST.
Flavor | Version | Tinstall | Tcheck | Ttotal | Status | Flags |
---|---|---|---|---|---|---|
r-devel-linux-x86_64-debian-clang | 0.1.1 | 16.32 | 63.25 | 79.57 | NOTE | |
r-devel-linux-x86_64-debian-gcc | 0.1.1 | 11.02 | 46.65 | 57.67 | NOTE | |
r-devel-linux-x86_64-fedora-clang | 0.1.1 | 125.85 | OK | |||
r-devel-linux-x86_64-fedora-gcc | 0.1.1 | 117.08 | OK | |||
r-devel-windows-x86_64 | 0.1.1 | 20.00 | 85.00 | 105.00 | OK | |
r-patched-linux-x86_64 | 0.1.1 | 16.03 | 58.29 | 74.32 | OK | |
r-release-linux-x86_64 | 0.1.1 | 15.60 | 58.06 | 73.66 | OK | |
r-release-macos-arm64 | 0.1.1 | 47.00 | OK | |||
r-release-macos-x86_64 | 0.1.1 | 80.00 | OK | |||
r-release-windows-x86_64 | 0.1.1 | 19.00 | 87.00 | 106.00 | OK | |
r-oldrel-macos-arm64 | 0.1.1 | 37.00 | NOTE | |||
r-oldrel-macos-x86_64 | 0.1.1 | 56.00 | NOTE | |||
r-oldrel-windows-x86_64 | 0.1.1 | 24.00 | 108.00 | 132.00 | NOTE |
Version: 0.1.1
Check: CRAN incoming feasibility
Result: NOTE
Maintainer: ‘Jie Qiao <qiaojie2004@vip.qq.com>’
Package CITATION file contains call(s) to old-style personList() or
as.personList(). Please use c() on person objects instead.
Package CITATION file contains call(s) to old-style citEntry(). Please
use bibentry() instead.
Flavors: r-devel-linux-x86_64-debian-clang, r-devel-linux-x86_64-debian-gcc
Version: 0.1.1
Check: LazyData
Result: NOTE
'LazyData' is specified without a 'data' directory
Flavors: r-oldrel-macos-arm64, r-oldrel-macos-x86_64, r-oldrel-windows-x86_64