Last updated on 2024-08-15 20:48:26 CEST.
Flavor | Version | Tinstall | Tcheck | Ttotal | Status | Flags |
---|---|---|---|---|---|---|
r-devel-linux-x86_64-debian-clang | 2.7.3 | 25.11 | 260.39 | 285.50 | OK | |
r-devel-linux-x86_64-debian-gcc | 2.7.3 | 15.29 | 166.17 | 181.46 | OK | |
r-devel-linux-x86_64-fedora-clang | 2.7.3 | 460.35 | NOTE | |||
r-devel-linux-x86_64-fedora-gcc | 2.7.3 | 473.15 | NOTE | |||
r-devel-windows-x86_64 | 2.7.3 | 26.00 | 207.00 | 233.00 | OK | |
r-patched-linux-x86_64 | 2.7.3 | 24.22 | 238.42 | 262.64 | OK | |
r-release-linux-x86_64 | 2.7.3 | 27.26 | 241.70 | 268.96 | OK | |
r-release-macos-arm64 | 2.7.3 | 104.00 | OK | |||
r-release-macos-x86_64 | 2.7.3 | 161.00 | OK | |||
r-release-windows-x86_64 | 2.7.3 | 25.00 | 201.00 | 226.00 | OK | |
r-oldrel-macos-arm64 | 2.7.3 | 58.00 | OK | |||
r-oldrel-macos-x86_64 | 2.7.3 | 100.00 | OK | |||
r-oldrel-windows-x86_64 | 2.7.3 | 35.00 | 292.00 | 327.00 | OK |
Version: 2.7.3
Check: data for non-ASCII characters
Result: NOTE
Note: found 5 marked Latin-1 strings
Note: found 51869 marked UTF-8 strings
Flavors: r-devel-linux-x86_64-fedora-clang, r-devel-linux-x86_64-fedora-gcc