Last updated on 2025-11-02 23:49:51 CET.
| Flavor | Version | Tinstall | Tcheck | Ttotal | Status | Flags | 
|---|---|---|---|---|---|---|
| r-devel-linux-x86_64-debian-clang | 1.0.4 | 53.33 | 82.95 | 136.28 | OK | |
| r-devel-linux-x86_64-debian-gcc | 1.0.4 | 32.26 | 61.01 | 93.27 | OK | |
| r-devel-linux-x86_64-fedora-clang | 1.0.4 | 93.00 | 135.88 | 228.88 | NOTE | |
| r-devel-linux-x86_64-fedora-gcc | 1.0.4 | 64.00 | 152.22 | 216.22 | NOTE | |
| r-devel-windows-x86_64 | 1.0.4 | 62.00 | 108.00 | 170.00 | OK | |
| r-patched-linux-x86_64 | 1.0.4 | 53.03 | 79.55 | 132.58 | OK | |
| r-release-linux-x86_64 | 1.0.4 | 51.42 | 78.41 | 129.83 | OK | |
| r-release-macos-arm64 | 1.0.4 | 18.00 | 35.00 | 53.00 | OK | |
| r-release-macos-x86_64 | 1.0.4 | 37.00 | 65.00 | 102.00 | OK | |
| r-release-windows-x86_64 | 1.0.4 | 59.00 | 107.00 | 166.00 | OK | |
| r-oldrel-macos-arm64 | 1.0.4 | 19.00 | 42.00 | 61.00 | NOTE | |
| r-oldrel-macos-x86_64 | 1.0.4 | 23.00 | 82.00 | 105.00 | NOTE | |
| r-oldrel-windows-x86_64 | 1.0.4 | 76.00 | 139.00 | 215.00 | NOTE | 
Version: 1.0.4
Check: dependencies in R code
Result: NOTE
  Namespaces in Imports field not imported from:
    ‘httr’ ‘jsonlite’
    All declared Imports should be used.
Flavors: r-devel-linux-x86_64-fedora-clang, r-devel-linux-x86_64-fedora-gcc
Version: 1.0.4
Check: for GNU extensions in Makefiles
Result: NOTE
  GNU make is a SystemRequirements.
Flavors: r-oldrel-macos-arm64, r-oldrel-macos-x86_64, r-oldrel-windows-x86_64