Last updated on 2024-04-19 20:56:50 CEST.
Flavor | Version | Tinstall | Tcheck | Ttotal | Status | Flags |
---|---|---|---|---|---|---|
r-devel-linux-x86_64-debian-clang | 1.6.4 | 258.87 | 229.18 | 488.05 | OK | |
r-devel-linux-x86_64-debian-gcc | 1.6.4 | OK | ||||
r-devel-linux-x86_64-fedora-clang | 1.6.4 | 540.52 | OK | |||
r-devel-linux-x86_64-fedora-gcc | 1.6.4 | 737.22 | OK | |||
r-prerel-macos-arm64 | 1.6.4 | 130.00 | NOTE | |||
r-prerel-macos-x86_64 | 1.6.4 | 379.00 | NOTE | |||
r-prerel-windows-x86_64 | 1.6.4 | 217.00 | 196.00 | 413.00 | NOTE | |
r-patched-linux-x86_64 | 1.6.4 | 306.69 | 227.12 | 533.81 | OK | |
r-release-linux-x86_64 | 1.6.4 | 205.86 | 229.34 | 435.20 | OK | |
r-release-macos-arm64 | 1.6.4 | 143.00 | NOTE | |||
r-release-macos-x86_64 | 1.6.4 | 359.00 | NOTE | |||
r-release-windows-x86_64 | 1.6.4 | 276.00 | 263.00 | 539.00 | NOTE | |
r-oldrel-macos-arm64 | 1.6.4 | 138.00 | NOTE | |||
r-oldrel-windows-x86_64 | 1.6.4 | 183.00 | 239.00 | 422.00 | NOTE |
Version: 1.6.4
Check: installed package size
Result: NOTE
installed size is 55.4Mb
sub-directories of 1Mb or more:
R 2.1Mb
libs 52.8Mb
Flavors: r-prerel-macos-arm64, r-prerel-macos-x86_64, r-prerel-windows-x86_64, r-release-macos-arm64, r-release-macos-x86_64, r-release-windows-x86_64, r-oldrel-macos-arm64, r-oldrel-windows-x86_64