Last updated on 2024-03-28 19:48:44 CET.
Flavor | Version | Tinstall | Tcheck | Ttotal | Status | Flags |
---|---|---|---|---|---|---|
r-devel-linux-x86_64-debian-clang | 1.1.3 | 87.34 | 45.94 | 133.28 | NOTE | |
r-devel-linux-x86_64-debian-gcc | 1.1.3 | 71.41 | 39.61 | 111.02 | NOTE | |
r-devel-linux-x86_64-fedora-clang | 1.1.3 | 173.34 | NOTE | |||
r-devel-linux-x86_64-fedora-gcc | 1.1.3 | 199.72 | NOTE | |||
r-devel-windows-x86_64 | 1.1.3 | 62.00 | 84.00 | 146.00 | NOTE | |
r-patched-linux-x86_64 | 1.1.3 | 90.22 | 49.31 | 139.53 | NOTE | |
r-release-linux-x86_64 | 1.1.3 | 88.00 | 49.58 | 137.58 | NOTE | |
r-release-macos-arm64 | 1.1.3 | 50.00 | NOTE | |||
r-release-macos-x86_64 | 1.1.3 | 83.00 | NOTE | |||
r-release-windows-x86_64 | 1.1.3 | 77.00 | 97.00 | 174.00 | NOTE | |
r-oldrel-macos-arm64 | 1.1.3 | 52.00 | NOTE | |||
r-oldrel-windows-x86_64 | 1.1.3 | 72.00 | 88.00 | 160.00 | OK |
Version: 1.1.3
Check: C++ specification
Result: NOTE
Specified C++11: please drop specification unless essential
Flavors: r-devel-linux-x86_64-debian-clang, r-devel-linux-x86_64-debian-gcc, r-devel-linux-x86_64-fedora-clang, r-devel-linux-x86_64-fedora-gcc, r-devel-windows-x86_64, r-patched-linux-x86_64, r-release-linux-x86_64, r-release-macos-arm64, r-release-macos-x86_64, r-release-windows-x86_64
Version: 1.1.3
Check: installed package size
Result: NOTE
installed size is 22.3Mb
sub-directories of 1Mb or more:
libs 22.2Mb
Flavors: r-release-macos-arm64, r-release-macos-x86_64, r-oldrel-macos-arm64