CRAN Package Check Results for Package SAEval

Last updated on 2022-10-06 21:50:05 CEST.

Flavor Version Tinstall Tcheck Ttotal Status Flags
r-devel-linux-x86_64-debian-clang 0.1.5 9.31 76.66 85.97 OK
r-devel-linux-x86_64-debian-gcc 0.1.5 7.79 55.89 63.68 OK
r-devel-linux-x86_64-fedora-clang 0.1.5 118.29 NOTE
r-devel-linux-x86_64-fedora-gcc 0.1.5 112.30 NOTE
r-devel-windows-x86_64 0.1.5 15.00 104.00 119.00 OK
r-patched-linux-x86_64 0.1.5 8.50 72.51 81.01 OK
r-release-linux-x86_64 0.1.5 8.18 72.27 80.45 OK
r-release-macos-arm64 0.1.5 30.00 NOTE
r-release-macos-x86_64 0.1.5 45.00 NOTE
r-release-windows-x86_64 0.1.5 13.00 100.00 113.00 OK
r-oldrel-macos-arm64 0.1.5 30.00 NOTE
r-oldrel-macos-x86_64 0.1.5 43.00 NOTE
r-oldrel-windows-ix86+x86_64 0.1.5 21.00 98.00 119.00 OK

Check Details

Version: 0.1.5
Check: data for non-ASCII characters
Result: NOTE
     Note: found 4 marked UTF-8 strings
Flavors: r-devel-linux-x86_64-fedora-clang, r-devel-linux-x86_64-fedora-gcc, r-release-macos-arm64, r-release-macos-x86_64, r-oldrel-macos-arm64, r-oldrel-macos-x86_64