Last updated on 2025-02-20 19:51:44 CET.
Flavor | Version | Tinstall | Tcheck | Ttotal | Status | Flags |
---|---|---|---|---|---|---|
r-devel-linux-x86_64-debian-clang | 0.0.1 | 37.22 | 549.41 | 586.63 | NOTE | |
r-devel-linux-x86_64-debian-gcc | 0.0.1 | 22.93 | 360.64 | 383.57 | NOTE | |
r-devel-linux-x86_64-fedora-clang | 0.0.1 | 957.24 | NOTE | |||
r-devel-linux-x86_64-fedora-gcc | 0.0.1 | 941.37 | NOTE | |||
r-devel-macos-arm64 | 0.0.1 | 231.00 | OK | |||
r-devel-macos-x86_64 | 0.0.1 | 571.00 | NOTE | |||
r-devel-windows-x86_64 | 0.0.1 | 31.00 | 462.00 | 493.00 | NOTE | |
r-patched-linux-x86_64 | 0.0.1 | 31.27 | 512.79 | 544.06 | OK | |
r-release-linux-x86_64 | 0.0.1 | 30.76 | 512.72 | 543.48 | OK | |
r-release-macos-arm64 | 0.0.1 | 221.00 | OK | |||
r-release-macos-x86_64 | 0.0.1 | 340.00 | OK | |||
r-release-windows-x86_64 | 0.0.1 | 32.00 | 458.00 | 490.00 | OK | |
r-oldrel-macos-arm64 | 0.0.1 | 222.00 | OK | |||
r-oldrel-macos-x86_64 | 0.0.1 | 508.00 | OK | |||
r-oldrel-windows-x86_64 | 0.0.1 | 45.00 | 618.00 | 663.00 | OK |
Version: 0.0.1
Check: DESCRIPTION meta-information
Result: NOTE
Missing dependency on R >= 4.1.0 because package code uses the pipe
|> or function shorthand \(...) syntax added in R 4.1.0.
File(s) using such syntax:
‘fit_density_ratio.R’ ‘fit_plug_and_play.R’
Flavors: r-devel-linux-x86_64-debian-clang, r-devel-linux-x86_64-debian-gcc, r-devel-linux-x86_64-fedora-clang, r-devel-linux-x86_64-fedora-gcc, r-devel-macos-x86_64, r-devel-windows-x86_64