CRAN Package Check Results for Package RpeakChrom

Last updated on 2025-11-02 23:49:50 CET.

Flavor Version Tinstall Tcheck Ttotal Status Flags
r-devel-linux-x86_64-debian-clang 1.1.0 6.96 68.84 75.80 NOTE
r-devel-linux-x86_64-debian-gcc 1.1.0 5.22 48.02 53.24 NOTE
r-devel-linux-x86_64-fedora-clang 1.1.0 14.00 101.15 115.15 OK
r-devel-linux-x86_64-fedora-gcc 1.1.0 13.00 100.91 113.91 OK
r-devel-windows-x86_64 1.1.0 8.00 74.00 82.00 OK
r-patched-linux-x86_64 1.1.0 6.61 63.57 70.18 OK
r-release-linux-x86_64 1.1.0 5.93 64.34 70.27 OK
r-release-macos-arm64 1.1.0 3.00 24.00 27.00 OK
r-release-macos-x86_64 1.1.0 5.00 50.00 55.00 OK
r-release-windows-x86_64 1.1.0 8.00 74.00 82.00 OK
r-oldrel-macos-arm64 1.1.0 3.00 24.00 27.00 OK
r-oldrel-macos-x86_64 1.1.0 5.00 35.00 40.00 OK
r-oldrel-windows-x86_64 1.1.0 11.00 92.00 103.00 OK

Check Details

Version: 1.1.0
Check: CRAN incoming feasibility
Result: NOTE Maintainer: ‘Manuel David Peris Diaz <madape@alumni.uv.es>’ No Authors@R field in DESCRIPTION. Please add one, modifying Authors@R: c(person(given = c("Manuel", "David", "Peris"), family = "Diaz", role = c("aut", "cre"), email = "madape@alumni.uv.es"), person(given = c("Maria", "Isabel", "Alcoriza"), family = "Balaguer", role = "aut")) as necessary. Flavors: r-devel-linux-x86_64-debian-clang, r-devel-linux-x86_64-debian-gcc