Last updated on 2025-11-02 23:49:50 CET.
| Flavor | Version | Tinstall | Tcheck | Ttotal | Status | Flags |
|---|---|---|---|---|---|---|
| r-devel-linux-x86_64-debian-clang | 0.0.0.3 | 5.08 | 63.50 | 68.58 | NOTE | |
| r-devel-linux-x86_64-debian-gcc | 0.0.0.3 | 4.46 | 45.82 | 50.28 | NOTE | |
| r-devel-linux-x86_64-fedora-clang | 0.0.0.3 | 11.00 | 92.02 | 103.02 | OK | |
| r-devel-linux-x86_64-fedora-gcc | 0.0.0.3 | 12.00 | 90.02 | 102.02 | OK | |
| r-devel-windows-x86_64 | 0.0.0.3 | 7.00 | 77.00 | 84.00 | OK | |
| r-patched-linux-x86_64 | 0.0.0.3 | 5.35 | 58.19 | 63.54 | OK | |
| r-release-linux-x86_64 | 0.0.0.3 | 5.28 | 58.57 | 63.85 | OK | |
| r-release-macos-arm64 | 0.0.0.3 | 2.00 | 26.00 | 28.00 | OK | |
| r-release-macos-x86_64 | 0.0.0.3 | 4.00 | 44.00 | 48.00 | OK | |
| r-release-windows-x86_64 | 0.0.0.3 | 8.00 | 76.00 | 84.00 | OK | |
| r-oldrel-macos-arm64 | 0.0.0.3 | 2.00 | 26.00 | 28.00 | OK | |
| r-oldrel-macos-x86_64 | 0.0.0.3 | 3.00 | 37.00 | 40.00 | OK | |
| r-oldrel-windows-x86_64 | 0.0.0.3 | 10.00 | 92.00 | 102.00 | OK |
Version: 0.0.0.3
Check: CRAN incoming feasibility
Result: NOTE
Maintainer: ‘Marie Delacre <marie.delacre@ulb.ac.be>’
Found the following \keyword or \concept entries
which likely give several index terms:
File ‘Intention.Rd’:
\keyword{Reminder,}
Flavors: r-devel-linux-x86_64-debian-clang, r-devel-linux-x86_64-debian-gcc