Last updated on 2024-03-27 19:57:04 CET.
Flavor | Version | Tinstall | Tcheck | Ttotal | Status | Flags |
---|---|---|---|---|---|---|
r-devel-linux-x86_64-debian-clang | 0.0.1 | 2.73 | 25.12 | 27.85 | OK | |
r-devel-linux-x86_64-debian-gcc | 0.0.1 | 2.09 | 19.97 | 22.06 | OK | |
r-devel-linux-x86_64-fedora-clang | 0.0.1 | 35.31 | NOTE | |||
r-devel-linux-x86_64-fedora-gcc | 0.0.1 | 33.85 | NOTE | |||
r-devel-windows-x86_64 | 0.0.1 | 3.00 | 43.00 | 46.00 | OK | |
r-patched-linux-x86_64 | 0.0.1 | 2.92 | 24.65 | 27.57 | OK | |
r-release-linux-x86_64 | 0.0.1 | 1.61 | 24.05 | 25.66 | OK | |
r-release-macos-arm64 | 0.0.1 | 17.00 | OK | |||
r-release-macos-x86_64 | 0.0.1 | 21.00 | OK | |||
r-release-windows-x86_64 | 0.0.1 | 4.00 | 43.00 | 47.00 | OK | |
r-oldrel-macos-arm64 | 0.0.1 | 16.00 | NOTE | |||
r-oldrel-windows-x86_64 | 0.0.1 | 4.00 | 48.00 | 52.00 | OK |
Version: 0.0.1
Check: dependencies in R code
Result: NOTE
Namespace in Imports field not imported from: ‘geometry’
All declared Imports should be used.
Flavors: r-devel-linux-x86_64-fedora-clang, r-devel-linux-x86_64-fedora-gcc, r-oldrel-macos-arm64