Last updated on 2024-05-03 20:53:20 CEST.
Flavor | Version | Tinstall | Tcheck | Ttotal | Status | Flags |
---|---|---|---|---|---|---|
r-devel-linux-x86_64-debian-clang | 1.2.0 | 2.07 | 20.80 | 22.87 | NOTE | |
r-devel-linux-x86_64-fedora-clang | 1.2.0 | 28.99 | NOTE | |||
r-devel-linux-x86_64-fedora-gcc | 1.2.0 | 27.39 | NOTE | |||
r-devel-windows-x86_64 | 1.2.0 | 3.00 | 34.00 | 37.00 | NOTE | |
r-patched-linux-x86_64 | 1.2.0 | 2.00 | 20.21 | 22.21 | NOTE | |
r-release-linux-x86_64 | 1.2.0 | 2.11 | 19.70 | 21.81 | NOTE | |
r-release-macos-arm64 | 1.2.0 | 14.00 | NOTE | |||
r-release-windows-x86_64 | 1.2.0 | 2.00 | 34.00 | 36.00 | NOTE | |
r-oldrel-macos-arm64 | 1.2.0 | 16.00 | NOTE | |||
r-oldrel-macos-x86_64 | 1.2.0 | 17.00 | NOTE | |||
r-oldrel-windows-x86_64 | 1.2.0 | 5.00 | 32.00 | 37.00 | NOTE |
Version: 1.2.0
Check: LazyData
Result: NOTE
'LazyData' is specified without a 'data' directory
Flavors: r-devel-linux-x86_64-debian-clang, r-devel-linux-x86_64-fedora-clang, r-devel-linux-x86_64-fedora-gcc, r-devel-windows-x86_64, r-patched-linux-x86_64, r-release-linux-x86_64, r-release-macos-arm64, r-release-windows-x86_64, r-oldrel-macos-arm64, r-oldrel-macos-x86_64, r-oldrel-windows-x86_64