Last updated on 2025-11-23 20:49:00 CET.
| Flavor | Version | Tinstall | Tcheck | Ttotal | Status | Flags |
|---|---|---|---|---|---|---|
| r-devel-linux-x86_64-debian-clang | 1.1.0 | 12.10 | 83.74 | 95.84 | NOTE | |
| r-devel-linux-x86_64-debian-gcc | 1.1.0 | 7.56 | 58.15 | 65.71 | NOTE | |
| r-devel-linux-x86_64-fedora-clang | 1.1.0 | 25.00 | 124.82 | 149.82 | NOTE | |
| r-devel-windows-x86_64 | 1.1.0 | 18.00 | 91.00 | 109.00 | OK | |
| r-patched-linux-x86_64 | 1.1.0 | 10.40 | 78.46 | 88.86 | OK | |
| r-release-linux-x86_64 | 1.1.0 | 9.67 | 79.48 | 89.15 | OK | |
| r-release-macos-arm64 | 1.1.0 | OK | ||||
| r-release-macos-x86_64 | 1.1.0 | 10.00 | 63.00 | 73.00 | OK | |
| r-release-windows-x86_64 | 1.1.0 | 14.00 | 113.00 | 127.00 | OK | |
| r-oldrel-macos-arm64 | 1.1.0 | OK | ||||
| r-oldrel-macos-x86_64 | 1.1.0 | 7.00 | 52.00 | 59.00 | OK | |
| r-oldrel-windows-x86_64 | 1.1.0 | 17.00 | 111.00 | 128.00 | OK |
Version: 1.1.0
Check: CRAN incoming feasibility
Result: NOTE
Maintainer: ‘Wennan Chang <wnchang@iu.edu>’
The Description field contains
<arXiv:2005.11599>.
Please refer to arXiv e-prints via their arXiv DOI <doi:10.48550/arXiv.YYMM.NNNNN>.
Flavors: r-devel-linux-x86_64-debian-clang, r-devel-linux-x86_64-debian-gcc
Version: 1.1.0
Check: dependencies in R code
Result: NOTE
Namespace in Imports field not imported from: ‘glmnet’
All declared Imports should be used.
Flavor: r-devel-linux-x86_64-fedora-clang