Last updated on 2023-11-27 19:52:52 CET.
Flavor | Version | Tinstall | Tcheck | Ttotal | Status | Flags |
---|---|---|---|---|---|---|
r-devel-linux-x86_64-debian-clang | 1.2.0 | 61.91 | 181.54 | 243.45 | NOTE | |
r-devel-linux-x86_64-debian-gcc | 1.2.0 | 38.60 | 148.87 | 187.47 | NOTE | |
r-devel-linux-x86_64-fedora-clang | 1.2.0 | 290.33 | NOTE | |||
r-devel-linux-x86_64-fedora-gcc | 1.2.0 | 284.23 | NOTE | |||
r-devel-windows-x86_64 | 1.2.0 | 40.00 | 158.00 | 198.00 | NOTE | |
r-patched-linux-x86_64 | 1.2.0 | 43.57 | 177.82 | 221.39 | OK | |
r-release-linux-x86_64 | 1.2.0 | 30.17 | 178.42 | 208.59 | OK | |
r-release-macos-arm64 | 1.2.0 | 83.00 | OK | |||
r-release-macos-x86_64 | 1.2.0 | 130.00 | OK | |||
r-release-windows-x86_64 | 1.2.0 | 56.00 | 193.00 | 249.00 | OK | |
r-oldrel-macos-arm64 | 1.2.0 | 70.00 | OK | |||
r-oldrel-macos-x86_64 | 1.2.0 | 136.00 | OK | |||
r-oldrel-windows-x86_64 | 1.2.0 | 57.00 | 193.00 | 250.00 | OK |
Version: 1.2.0
Check: Rd files
Result: NOTE
checkRd: (-1) GEV-class.Rd:27: Lost braces
27 | point (if eqn{s > 0}).
| ^
Flavors: r-devel-linux-x86_64-debian-clang, r-devel-linux-x86_64-debian-gcc
Version: 1.2.0
Check: Rd \usage sections
Result: NOTE
Documented arguments not in \usage in Rd file 'internal-interpolate.Rd':
‘upRad.s’
Objects in \usage without \alias in Rd file 'internal-interpolate.Rd':
‘.getPsi.wL’ ‘.getPsi.P’
Objects in \usage without \alias in Rd file 'rescaleFunction-methods.Rd':
‘rescaleFunction’
Functions with \usage entries need to have the appropriate \alias
entries, and all their arguments documented.
The \usage entries must correspond to syntactically valid R code.
See chapter ‘Writing R documentation files’ in the ‘Writing R
Extensions’ manual.
Flavors: r-devel-linux-x86_64-debian-clang, r-devel-linux-x86_64-debian-gcc, r-devel-linux-x86_64-fedora-clang, r-devel-linux-x86_64-fedora-gcc, r-devel-windows-x86_64