Last updated on 2024-07-17 20:57:10 CEST.
Flavor | Version | Tinstall | Tcheck | Ttotal | Status | Flags |
---|---|---|---|---|---|---|
r-devel-linux-x86_64-debian-clang | 1.2.1 | 12.41 | 34.20 | 46.61 | OK | |
r-devel-linux-x86_64-debian-gcc | 1.2.1 | 13.21 | 26.59 | 39.80 | OK | |
r-devel-linux-x86_64-fedora-clang | 1.2.1 | 67.71 | NOTE | |||
r-devel-linux-x86_64-fedora-gcc | 1.2.1 | 70.50 | OK | |||
r-devel-windows-x86_64 | 1.2.1 | 22.00 | 54.00 | 76.00 | NOTE | |
r-patched-linux-x86_64 | 1.2.1 | 12.29 | 33.74 | 46.03 | OK | |
r-release-linux-x86_64 | 1.2.1 | 12.78 | 32.77 | 45.55 | OK | |
r-release-macos-arm64 | 1.2.1 | 29.00 | NOTE | |||
r-release-macos-x86_64 | 1.2.1 | 53.00 | NOTE | |||
r-release-windows-x86_64 | 1.2.1 | 22.00 | 53.00 | 75.00 | NOTE | |
r-oldrel-macos-arm64 | 1.2.1 | 36.00 | NOTE | |||
r-oldrel-macos-x86_64 | 1.2.1 | 77.00 | NOTE | |||
r-oldrel-windows-x86_64 | 1.2.1 | 29.00 | 49.00 | 78.00 | NOTE |
Version: 1.2.1
Check: installed package size
Result: NOTE
installed size is 11.4Mb
sub-directories of 1Mb or more:
R 11.2Mb
Flavors: r-devel-linux-x86_64-fedora-clang, r-devel-windows-x86_64, r-release-macos-arm64, r-release-macos-x86_64, r-release-windows-x86_64, r-oldrel-macos-arm64, r-oldrel-macos-x86_64, r-oldrel-windows-x86_64