Last updated on 2024-07-17 20:57:10 CEST.
Flavor | Version | Tinstall | Tcheck | Ttotal | Status | Flags |
---|---|---|---|---|---|---|
r-devel-linux-x86_64-debian-clang | 1.2.5 | 44.14 | 214.62 | 258.76 | OK | |
r-devel-linux-x86_64-debian-gcc | 1.2.5 | 40.08 | 152.90 | 192.98 | OK | |
r-devel-linux-x86_64-fedora-clang | 1.2.5 | 320.67 | OK | |||
r-devel-linux-x86_64-fedora-gcc | 1.2.5 | 326.29 | OK | |||
r-devel-windows-x86_64 | 1.2.5 | 35.00 | 172.00 | 207.00 | NOTE | |
r-patched-linux-x86_64 | 1.2.5 | 50.72 | 203.55 | 254.27 | OK | |
r-release-linux-x86_64 | 1.2.5 | 42.15 | 198.57 | 240.72 | OK | |
r-release-macos-arm64 | 1.2.5 | 67.00 | OK | |||
r-release-macos-x86_64 | 1.2.5 | 113.00 | OK | |||
r-release-windows-x86_64 | 1.2.5 | 37.00 | 173.00 | 210.00 | OK | |
r-oldrel-macos-arm64 | 1.2.5 | 87.00 | OK | |||
r-oldrel-macos-x86_64 | 1.2.5 | 163.00 | OK | |||
r-oldrel-windows-x86_64 | 1.2.5 | 47.00 | 214.00 | 261.00 | OK |
Version: 1.2.5
Check: Rd cross-references
Result: NOTE
Found the following Rd file(s) with Rd \link{} targets missing package
anchors:
qqplot.Rd: qqbounds
returnlevelplot.Rd: qqbounds
Please provide package anchors for all Rd \link{} targets not in the
package itself and the base packages.
Flavor: r-devel-windows-x86_64