CRAN Package Check Results for Package Rmosek

Last updated on 2023-06-04 21:58:32 CEST.

Flavor Version Tinstall Tcheck Ttotal Status Flags
r-devel-linux-x86_64-debian-clang 1.3.5 2.23 22.60 24.83 NOTE
r-devel-linux-x86_64-debian-gcc 1.3.5 1.35 18.07 19.42 NOTE
r-devel-linux-x86_64-fedora-clang 1.3.5 31.91 OK
r-devel-linux-x86_64-fedora-gcc 1.3.5 32.24 OK
r-devel-windows-x86_64 1.3.5 2.00 44.00 46.00 OK
r-patched-linux-x86_64 1.3.5 2.35 21.93 24.28 NOTE
r-release-linux-x86_64 1.3.5 1.66 22.13 23.79 NOTE
r-release-macos-arm64 1.3.5 14.00 OK
r-release-macos-x86_64 1.3.5 22.00 OK
r-release-windows-x86_64 1.3.5 3.00 43.00 46.00 OK
r-oldrel-macos-arm64 1.3.5 13.00 OK
r-oldrel-macos-x86_64 1.3.5 20.00 OK
r-oldrel-windows-x86_64 1.3.5 4.00 46.00 50.00 OK

Check Details

Version: 1.3.5
Check: R code for possible problems
Result: NOTE
    Found the following calls to attach():
    File ‘Rmosek/R/builder.R’:
     attach(builderenv, pos, name, warn.conflicts)
    See section ‘Good practice’ in ‘?attach’.
Flavors: r-devel-linux-x86_64-debian-clang, r-devel-linux-x86_64-debian-gcc, r-patched-linux-x86_64, r-release-linux-x86_64