Last updated on 2025-05-09 20:50:01 CEST.
Flavor | Version | Tinstall | Tcheck | Ttotal | Status | Flags |
---|---|---|---|---|---|---|
r-devel-linux-x86_64-debian-clang | 1.3 | 1.91 | 18.81 | 20.72 | NOTE | |
r-devel-linux-x86_64-debian-gcc | 1.3 | 1.48 | 15.29 | 16.77 | NOTE | |
r-devel-linux-x86_64-fedora-clang | 1.3 | 31.86 | OK | |||
r-devel-linux-x86_64-fedora-gcc | 1.3 | 30.99 | OK | |||
r-devel-windows-x86_64 | 1.3 | 3.00 | 37.00 | 40.00 | OK | |
r-patched-linux-x86_64 | 1.3 | 1.99 | 18.02 | 20.01 | OK | |
r-release-linux-x86_64 | 1.3 | 1.87 | 17.84 | 19.71 | OK | |
r-release-macos-arm64 | 1.3 | 14.00 | OK | |||
r-release-macos-x86_64 | 1.3 | 33.00 | OK | |||
r-release-windows-x86_64 | 1.3 | 3.00 | 38.00 | 41.00 | OK | |
r-oldrel-macos-arm64 | 1.3 | 13.00 | OK | |||
r-oldrel-macos-x86_64 | 1.3 | 27.00 | OK | |||
r-oldrel-windows-x86_64 | 1.3 | 2.00 | 37.00 | 39.00 | OK |
Version: 1.3
Check: CRAN incoming feasibility
Result: NOTE
Maintainer: ‘Titus K Rotich <rktitus@uoeld.ac.ke>’
No Authors@R field in DESCRIPTION.
Please add one, modifying
Authors@R: person(given = c("Titus", "K"),
family = "Rotich",
role = c("aut", "cre"),
email = "rktitus@uoeld.ac.ke")
as necessary.
Flavors: r-devel-linux-x86_64-debian-clang, r-devel-linux-x86_64-debian-gcc