CRAN Package Check Results for Package RiverLoad

Last updated on 2022-09-27 21:54:00 CEST.

Flavor Version Tinstall Tcheck Ttotal Status Flags
r-devel-linux-x86_64-debian-clang 1.0.3 11.73 94.35 106.08 OK
r-devel-linux-x86_64-debian-gcc 1.0.3 7.91 69.56 77.47 OK
r-devel-linux-x86_64-fedora-clang 1.0.3 144.40 OK
r-devel-linux-x86_64-fedora-gcc 1.0.3 140.01 OK
r-devel-windows-x86_64 1.0.3 37.00 119.00 156.00 OK
r-patched-linux-x86_64 1.0.3 8.84 89.11 97.95 OK
r-release-linux-x86_64 1.0.3 10.46 87.92 98.38 OK
r-release-macos-arm64 1.0.3 34.00 OK
r-release-macos-x86_64 1.0.3 61.00 ERROR
r-release-windows-x86_64 1.0.3 30.00 125.00 155.00 OK
r-oldrel-macos-arm64 1.0.3 39.00 OK
r-oldrel-macos-x86_64 1.0.3 52.00 ERROR
r-oldrel-windows-ix86+x86_64 1.0.3 25.00 122.00 147.00 OK

Check Details

Version: 1.0.3
Check: examples
Result: ERROR
    Running examples in ‘RiverLoad-Ex.R’ failed
    The error most likely occurred in:
    
    > ### Name: method4
    > ### Title: Load estimation with time-weighted concentration method
    > ### Aliases: method4
    > ### Keywords: univ
    >
    > ### ** Examples
    >
    > data("flow.data1", "conc.data1")
    > union<-db.union(flow.data1, conc.data1)
    > met4<-method4(union, 2)
    > met4.month<-method4(union, 2, "month")
    Error in x[[jj]][iseq] <- vjj : replacement has length zero
    Calls: method4 -> [<- -> [<-.data.frame
    Execution halted
Flavors: r-release-macos-x86_64, r-oldrel-macos-x86_64