Last updated on 2024-07-17 20:57:09 CEST.
Flavor | Version | Tinstall | Tcheck | Ttotal | Status | Flags |
---|---|---|---|---|---|---|
r-devel-linux-x86_64-debian-clang | 0.1.0 | 37.72 | 336.00 | 373.72 | OK | |
r-devel-linux-x86_64-debian-gcc | 0.1.0 | 28.43 | 230.69 | 259.12 | OK | |
r-devel-linux-x86_64-fedora-clang | 0.1.0 | 489.56 | NOTE | |||
r-devel-linux-x86_64-fedora-gcc | 0.1.0 | 460.08 | NOTE | |||
r-devel-windows-x86_64 | 0.1.0 | 31.00 | 192.00 | 223.00 | OK | |
r-patched-linux-x86_64 | 0.1.0 | 32.57 | 309.12 | 341.69 | OK | |
r-release-linux-x86_64 | 0.1.0 | 37.64 | 315.27 | 352.91 | OK | |
r-release-macos-arm64 | 0.1.0 | 97.00 | OK | |||
r-release-macos-x86_64 | 0.1.0 | 242.00 | OK | |||
r-release-windows-x86_64 | 0.1.0 | 30.00 | 195.00 | 225.00 | OK | |
r-oldrel-macos-arm64 | 0.1.0 | 106.00 | OK | |||
r-oldrel-macos-x86_64 | 0.1.0 | 233.00 | OK | |||
r-oldrel-windows-x86_64 | 0.1.0 | 41.00 | 255.00 | 296.00 | OK |
Version: 0.1.0
Check: dependencies in R code
Result: NOTE
Namespace in Imports field not imported from: ‘maxLik’
All declared Imports should be used.
Flavors: r-devel-linux-x86_64-fedora-clang, r-devel-linux-x86_64-fedora-gcc