CRAN Package Check Results for Package Risk

Last updated on 2025-05-09 20:50:01 CEST.

Flavor Version Tinstall Tcheck Ttotal Status Flags
r-devel-linux-x86_64-debian-clang 1.0 2.08 20.55 22.63 NOTE
r-devel-linux-x86_64-debian-gcc 1.0 1.64 16.50 18.14 NOTE
r-devel-linux-x86_64-fedora-clang 1.0 35.33 OK
r-devel-linux-x86_64-fedora-gcc 1.0 34.45 OK
r-devel-windows-x86_64 1.0 3.00 41.00 44.00 OK
r-patched-linux-x86_64 1.0 2.65 19.33 21.98 OK
r-release-linux-x86_64 1.0 2.22 19.46 21.68 OK
r-release-macos-arm64 1.0 15.00 OK
r-release-macos-x86_64 1.0 25.00 OK
r-release-windows-x86_64 1.0 3.00 43.00 46.00 OK
r-oldrel-macos-arm64 1.0 13.00 OK
r-oldrel-macos-x86_64 1.0 24.00 OK
r-oldrel-windows-x86_64 1.0 3.00 41.00 44.00 OK

Check Details

Version: 1.0
Check: CRAN incoming feasibility
Result: NOTE Maintainer: ‘Saralees Nadarajah <mbbsssn2@manchester.ac.uk>’ No Authors@R field in DESCRIPTION. Please add one, modifying Authors@R: c(person(given = "Saralees", family = "Nadarajah", role = c("aut", "cre"), email = "mbbsssn2@manchester.ac.uk"), person(given = "Stephen", family = "Chan", role = "aut")) as necessary. Flavors: r-devel-linux-x86_64-debian-clang, r-devel-linux-x86_64-debian-gcc