CRAN Package Check Results for Package Rgff

Last updated on 2022-10-03 21:53:48 CEST.

Flavor Version Tinstall Tcheck Ttotal Status Flags
r-devel-linux-x86_64-debian-clang 0.1.5 6.84 91.60 98.44 OK
r-devel-linux-x86_64-debian-gcc 0.1.6 4.62 68.75 73.37 OK
r-devel-linux-x86_64-fedora-clang 0.1.6 133.61 NOTE
r-devel-linux-x86_64-fedora-gcc 0.1.6 125.25 NOTE
r-devel-windows-x86_64 0.1.6 18.00 140.00 158.00 OK
r-patched-linux-x86_64 0.1.6 3.74 88.84 92.58 OK
r-release-linux-x86_64 0.1.6 4.18 84.37 88.55 OK
r-release-macos-arm64 0.1.6 42.00 NOTE
r-release-macos-x86_64 0.1.6 55.00 NOTE
r-release-windows-x86_64 0.1.6 36.00 505.00 541.00 OK
r-oldrel-macos-arm64 0.1.6 43.00 NOTE
r-oldrel-macos-x86_64 0.1.6 55.00 NOTE
r-oldrel-windows-ix86+x86_64 0.1.6 16.00 126.00 142.00 OK

Check Details

Version: 0.1.6
Check: dependencies in R code
Result: NOTE
    Namespace in Imports field not imported from: ‘tidyr’
     All declared Imports should be used.
Flavors: r-devel-linux-x86_64-fedora-clang, r-devel-linux-x86_64-fedora-gcc, r-release-macos-arm64, r-release-macos-x86_64, r-oldrel-macos-arm64, r-oldrel-macos-x86_64