CRAN Package Check Results for Package Rfast2

Last updated on 2022-10-07 21:51:17 CEST.

Flavor Version Tinstall Tcheck Ttotal Status Flags
r-devel-linux-x86_64-debian-clang 0.1.3 525.50 80.70 606.20 NOTE
r-devel-linux-x86_64-debian-gcc 0.1.3 416.88 59.43 476.31 NOTE
r-devel-linux-x86_64-fedora-clang 0.1.3 954.92 NOTE
r-devel-linux-x86_64-fedora-gcc 0.1.3 814.24 NOTE
r-devel-windows-x86_64 0.1.3 368.00 154.00 522.00 NOTE
r-patched-linux-x86_64 0.1.3 443.95 73.42 517.37 OK
r-release-linux-x86_64 0.1.3 431.85 75.47 507.32 OK
r-release-macos-arm64 0.1.3 184.00 NOTE
r-release-macos-x86_64 0.1.3 221.00 NOTE
r-release-windows-x86_64 0.1.3 364.00 151.00 515.00 OK
r-oldrel-macos-arm64 0.1.3 166.00 NOTE
r-oldrel-macos-x86_64 0.1.3 217.00 NOTE
r-oldrel-windows-ix86+x86_64 0.1.3 1203.00 144.00 1347.00 NOTE

Check Details

Version: 0.1.3
Check: Rd files
Result: NOTE
    checkRd: (-1) boot.james.Rd:47: Escaped LaTeX specials: \&
    checkRd: (-1) boot.student2.Rd:41: Escaped LaTeX specials: \&
    checkRd: (-1) coljack.means.Rd:32: Escaped LaTeX specials: \&
    checkRd: (-1) collognorm.mle.Rd:69: Escaped LaTeX specials: \&
    checkRd: (-1) collognorm.mle.Rd:71: Escaped LaTeX specials: \&
    checkRd: (-1) fipois.reg.Rd:66: Escaped LaTeX specials: \&
    checkRd: (-1) halfcauchy.mle.Rd:46: Escaped LaTeX specials: \&
    checkRd: (-1) halfcauchy.mle.Rd:48: Escaped LaTeX specials: \&
    checkRd: (-1) jack.mean.Rd:30: Escaped LaTeX specials: \&
    checkRd: (-1) lm.parboot.Rd:37: Escaped LaTeX specials: \&
    checkRd: (-1) multivm.mle.Rd:62: Escaped LaTeX specials: \&
Flavors: r-devel-linux-x86_64-debian-clang, r-devel-linux-x86_64-debian-gcc, r-devel-linux-x86_64-fedora-clang, r-devel-linux-x86_64-fedora-gcc, r-devel-windows-x86_64

Version: 0.1.3
Check: compilation flags used
Result: NOTE
    Compilation used the following non-portable flag(s):
     ‘-Wstrict-prototypes’
Flavor: r-devel-linux-x86_64-debian-gcc

Version: 0.1.3
Check: installed package size
Result: NOTE
     installed size is 20.9Mb
     sub-directories of 1Mb or more:
     libs 20.2Mb
Flavors: r-release-macos-arm64, r-release-macos-x86_64, r-oldrel-macos-arm64, r-oldrel-macos-x86_64, r-oldrel-windows-ix86+x86_64