Last updated on 2025-04-21 21:51:01 CEST.
Flavor | Version | Tinstall | Tcheck | Ttotal | Status | Flags |
---|---|---|---|---|---|---|
r-devel-linux-x86_64-debian-clang | 0.1.5.3 | 413.35 | 69.19 | 482.54 | OK | |
r-devel-linux-x86_64-debian-gcc | 0.1.5.3 | 313.49 | 45.54 | 359.03 | OK | |
r-devel-linux-x86_64-fedora-clang | 0.1.5.3 | 933.62 | OK | |||
r-devel-linux-x86_64-fedora-gcc | 0.1.5.3 | 981.82 | OK | |||
r-devel-windows-x86_64 | 0.1.5.3 | 533.00 | 139.00 | 672.00 | OK | |
r-patched-linux-x86_64 | 0.1.5.3 | 439.51 | 66.26 | 505.77 | OK | |
r-release-linux-x86_64 | 0.1.5.3 | 447.49 | 65.06 | 512.55 | OK | |
r-release-macos-arm64 | 0.1.5.3 | 187.00 | OK | |||
r-release-macos-x86_64 | 0.1.5.3 | 181.00 | OK | |||
r-release-windows-x86_64 | 0.1.5.3 | 533.00 | 141.00 | 674.00 | OK | |
r-oldrel-macos-arm64 | 0.1.5.3 | 181.00 | NOTE | |||
r-oldrel-macos-x86_64 | 0.1.5.3 | 232.00 | NOTE | |||
r-oldrel-windows-x86_64 | 0.1.5.3 | 592.00 | 165.00 | 757.00 | OK |
Version: 0.1.5.3
Check: installed package size
Result: NOTE
installed size is 25.9Mb
sub-directories of 1Mb or more:
libs 25.0Mb
Flavors: r-oldrel-macos-arm64, r-oldrel-macos-x86_64