CRAN Package Check Results for Package Revticulate

Last updated on 2022-10-03 21:53:48 CEST.

Flavor Version Tinstall Tcheck Ttotal Status Flags
r-devel-linux-x86_64-debian-clang 1.0.0 4.70 35.47 40.17 NOTE
r-devel-linux-x86_64-debian-gcc 1.0.0 3.81 27.33 31.14 NOTE
r-devel-linux-x86_64-fedora-clang 1.0.0 63.67 NOTE
r-devel-linux-x86_64-fedora-gcc 1.0.0 61.02 NOTE
r-devel-windows-x86_64 1.0.0 29.00 65.00 94.00 OK
r-patched-linux-x86_64 1.0.0 4.07 34.06 38.13 NOTE
r-release-linux-x86_64 1.0.0 3.67 33.78 37.45 NOTE
r-release-macos-arm64 1.0.0 16.00 NOTE
r-release-macos-x86_64 1.0.0 35.00 NOTE
r-release-windows-x86_64 1.0.0 28.00 59.00 87.00 OK
r-oldrel-macos-arm64 1.0.0 18.00 OK
r-oldrel-macos-x86_64 1.0.0 26.00 OK
r-oldrel-windows-ix86+x86_64 1.0.0 11.00 61.00 72.00 OK

Check Details

Version: 1.0.0
Check: package dependencies
Result: NOTE
    Package suggested but not available for checking: 'RevGadgets'
Flavors: r-devel-linux-x86_64-debian-clang, r-devel-linux-x86_64-debian-gcc, r-devel-linux-x86_64-fedora-clang, r-devel-linux-x86_64-fedora-gcc, r-patched-linux-x86_64, r-release-linux-x86_64, r-release-macos-arm64, r-release-macos-x86_64