Last updated on 2023-01-27 20:49:21 CET.
Flavor | Version | Tinstall | Tcheck | Ttotal | Status | Flags |
---|---|---|---|---|---|---|
r-devel-linux-x86_64-debian-clang | 2.3.8 | 21.07 | 155.45 | 176.52 | OK | |
r-devel-linux-x86_64-debian-gcc | 2.3.8 | 14.52 | 112.79 | 127.31 | OK | |
r-devel-linux-x86_64-fedora-clang | 2.3.8 | 217.16 | NOTE | |||
r-devel-linux-x86_64-fedora-gcc | 2.3.8 | 124.60 | NOTE | |||
r-devel-windows-x86_64 | 2.3.8 | 70.00 | 191.00 | 261.00 | OK | |
r-patched-linux-x86_64 | 2.3.8 | 24.04 | 147.61 | 171.65 | OK | |
r-release-linux-x86_64 | 2.3.8 | 15.91 | 140.51 | 156.42 | OK | |
r-release-macos-arm64 | 2.3.8 | 65.00 | NOTE | |||
r-release-macos-x86_64 | 2.3.8 | 84.00 | NOTE | |||
r-release-windows-x86_64 | 2.3.8 | 76.00 | 193.00 | 269.00 | OK | |
r-oldrel-macos-arm64 | 2.3.8 | 62.00 | NOTE | |||
r-oldrel-macos-x86_64 | 2.3.8 | 88.00 | NOTE | |||
r-oldrel-windows-ix86+x86_64 | 2.3.8 | 53.00 | 181.00 | 234.00 | OK |
Version: 2.3.8
Check: package dependencies
Result: NOTE
Imports includes 29 non-default packages.
Importing from so many packages makes the package vulnerable to any of
them becoming unavailable. Move as many as possible to Suggests and
use conditionally.
Flavor: r-devel-linux-x86_64-fedora-clang
Version: 2.3.8
Check: data for non-ASCII characters
Result: NOTE
Note: found 26 marked UTF-8 strings
Flavors: r-devel-linux-x86_64-fedora-clang, r-devel-linux-x86_64-fedora-gcc, r-release-macos-arm64, r-release-macos-x86_64, r-oldrel-macos-arm64, r-oldrel-macos-x86_64