Last updated on 2024-04-18 21:57:02 CEST.
Flavor | Version | Tinstall | Tcheck | Ttotal | Status | Flags |
---|---|---|---|---|---|---|
r-devel-linux-x86_64-debian-clang | 1.2.1 | 10.04 | 157.24 | 167.28 | OK | |
r-devel-linux-x86_64-debian-gcc | 1.2.1 | 11.00 | 112.20 | 123.20 | OK | |
r-devel-linux-x86_64-fedora-clang | 1.2.1 | 209.67 | OK | |||
r-devel-linux-x86_64-fedora-gcc | 1.2.1 | 210.49 | OK | |||
r-prerel-macos-arm64 | 1.2.1 | 54.00 | OK | |||
r-prerel-macos-x86_64 | 1.2.1 | 107.00 | OK | |||
r-prerel-windows-x86_64 | 1.2.1 | 15.00 | 133.00 | 148.00 | OK | |
r-patched-linux-x86_64 | 1.2.1 | 10.14 | 148.60 | 158.74 | OK | |
r-release-linux-x86_64 | 1.2.1 | 11.47 | 149.08 | 160.55 | OK | |
r-release-macos-arm64 | 1.2.1 | 58.00 | OK | |||
r-release-macos-x86_64 | 1.2.1 | 151.00 | OK | |||
r-release-windows-x86_64 | 1.2.1 | 19.00 | 169.00 | 188.00 | OK | |
r-oldrel-macos-arm64 | 1.2.1 | 10.00 | ERROR | |||
r-oldrel-windows-x86_64 | 1.2.1 | 19.00 | 165.00 | 184.00 | OK |
Version: 1.2.1
Check: package dependencies
Result: ERROR
Package required and available but unsuitable version: ‘ggtree’
See section ‘The DESCRIPTION file’ in the ‘Writing R Extensions’
manual.
Flavor: r-oldrel-macos-arm64