CRAN Package Check Results for Package RelimpPCR

Last updated on 2023-01-26 19:49:37 CET.

Flavor Version Tinstall Tcheck Ttotal Status Flags
r-devel-linux-x86_64-debian-clang 0.2.4 2.83 45.28 48.11 NOTE
r-devel-linux-x86_64-debian-gcc 0.2.4 2.15 33.86 36.01 NOTE
r-devel-linux-x86_64-fedora-clang 0.2.4 61.62 NOTE
r-devel-linux-x86_64-fedora-gcc 0.2.4 59.95 NOTE
r-devel-windows-x86_64 0.2.4 10.00 69.00 79.00 NOTE
r-patched-linux-x86_64 0.2.4 2.49 44.96 47.45 NOTE
r-release-linux-x86_64 0.2.4 1.70 44.49 46.19 NOTE
r-release-macos-arm64 0.2.4 27.00 NOTE
r-release-macos-x86_64 0.2.4 39.00 NOTE
r-release-windows-x86_64 0.2.4 10.00 74.00 84.00 NOTE
r-oldrel-macos-arm64 0.2.4 30.00 NOTE
r-oldrel-macos-x86_64 0.2.4 46.00 NOTE
r-oldrel-windows-ix86+x86_64 0.2.4 8.00 74.00 82.00 NOTE

Check Details

Version: 0.2.4
Check: LazyData
Result: NOTE
     'LazyData' is specified without a 'data' directory
Flavors: r-devel-linux-x86_64-debian-clang, r-devel-linux-x86_64-debian-gcc, r-devel-linux-x86_64-fedora-clang, r-devel-linux-x86_64-fedora-gcc, r-devel-windows-x86_64, r-patched-linux-x86_64, r-release-linux-x86_64, r-release-macos-arm64, r-release-macos-x86_64, r-release-windows-x86_64, r-oldrel-macos-arm64, r-oldrel-macos-x86_64, r-oldrel-windows-ix86+x86_64