Last updated on 2025-02-06 19:49:33 CET.
Flavor | Version | Tinstall | Tcheck | Ttotal | Status | Flags |
---|---|---|---|---|---|---|
r-devel-linux-x86_64-debian-clang | 0.7.0 | 8.35 | 61.97 | 70.32 | NOTE | |
r-devel-linux-x86_64-debian-gcc | 1.0.0 | 5.28 | 45.24 | 50.52 | OK | |
r-devel-linux-x86_64-fedora-clang | 1.0.0 | 108.51 | OK | |||
r-devel-linux-x86_64-fedora-gcc | 1.0.0 | 107.08 | OK | |||
r-devel-windows-x86_64 | 0.7.0 | 9.00 | 77.00 | 86.00 | NOTE | |
r-patched-linux-x86_64 | 1.0.0 | 7.73 | 56.47 | 64.20 | OK | |
r-release-linux-x86_64 | 1.0.0 | 7.65 | 56.41 | 64.06 | OK | |
r-release-macos-arm64 | 1.0.0 | 39.00 | OK | |||
r-release-macos-x86_64 | 1.0.0 | 116.00 | OK | |||
r-release-windows-x86_64 | 1.0.0 | 9.00 | 73.00 | 82.00 | OK | |
r-oldrel-macos-arm64 | 0.7.0 | 35.00 | OK | |||
r-oldrel-macos-x86_64 | 0.7.0 | 57.00 | OK | |||
r-oldrel-windows-x86_64 | 1.0.0 | 8.00 | 93.00 | 101.00 | OK |
Version: 0.7.0
Check: Rd cross-references
Result: NOTE
Found the following Rd file(s) with Rd \link{} targets missing package
anchors:
ReduceX.Rd: RoundWhole
SuppressDec.Rd: RoundWhole
Z2Yhat.Rd: RoundWhole, ginv
Please provide package anchors for all Rd \link{} targets not in the
package itself and the base packages.
Flavors: r-devel-linux-x86_64-debian-clang, r-devel-windows-x86_64