Last updated on 2024-04-18 21:57:02 CEST.
Flavor | Version | Tinstall | Tcheck | Ttotal | Status | Flags |
---|---|---|---|---|---|---|
r-devel-linux-x86_64-debian-clang | 1.1.2 | 294.65 | 285.18 | 579.83 | NOTE | |
r-devel-linux-x86_64-debian-gcc | 1.1.2 | 231.56 | 201.29 | 432.85 | NOTE | |
r-devel-linux-x86_64-fedora-clang | 1.1.2 | 772.52 | NOTE | |||
r-devel-linux-x86_64-fedora-gcc | 1.1.2 | 807.79 | NOTE | |||
r-prerel-macos-arm64 | 1.1.2 | 142.00 | NOTE | |||
r-prerel-macos-x86_64 | 1.1.2 | 256.00 | NOTE | |||
r-prerel-windows-x86_64 | 1.1.2 | 212.00 | 274.00 | 486.00 | NOTE | |
r-patched-linux-x86_64 | 1.1.2 | 288.26 | 263.50 | 551.76 | NOTE | |
r-release-linux-x86_64 | 1.1.2 | 207.20 | 265.58 | 472.78 | NOTE | |
r-release-macos-arm64 | 1.1.2 | 178.00 | NOTE | |||
r-release-macos-x86_64 | 1.1.2 | 334.00 | NOTE | |||
r-release-windows-x86_64 | 1.1.2 | 277.00 | 360.00 | 637.00 | NOTE | |
r-oldrel-macos-arm64 | 1.1.2 | 169.00 | NOTE | |||
r-oldrel-windows-x86_64 | 1.1.2 | 272.00 | 297.00 | 569.00 | NOTE |
Version: 1.1.2
Check: C++ specification
Result: NOTE
Specified C++11: please drop specification unless essential
Flavors: r-devel-linux-x86_64-debian-clang, r-devel-linux-x86_64-debian-gcc, r-devel-linux-x86_64-fedora-clang, r-devel-linux-x86_64-fedora-gcc, r-prerel-macos-arm64, r-prerel-macos-x86_64, r-prerel-windows-x86_64, r-patched-linux-x86_64, r-release-linux-x86_64, r-release-macos-arm64, r-release-macos-x86_64, r-release-windows-x86_64
Version: 1.1.2
Check: Rd files
Result: NOTE
checkRd: (-1) linear_RNDPROJ.Rd:45: Lost braces; missing escapes or markup?
45 | there is a linear map \eqn{f:R^N} to {R^n} such that
| ^
Flavors: r-devel-linux-x86_64-debian-clang, r-devel-linux-x86_64-debian-gcc, r-devel-linux-x86_64-fedora-clang, r-devel-linux-x86_64-fedora-gcc, r-prerel-macos-arm64, r-prerel-windows-x86_64, r-patched-linux-x86_64
Version: 1.1.2
Check: installed package size
Result: NOTE
installed size is 5.2Mb
sub-directories of 1Mb or more:
data 1.7Mb
libs 1.6Mb
Flavors: r-devel-linux-x86_64-fedora-clang, r-prerel-macos-arm64, r-prerel-macos-x86_64, r-prerel-windows-x86_64, r-release-macos-arm64, r-release-macos-x86_64, r-release-windows-x86_64, r-oldrel-macos-arm64, r-oldrel-windows-x86_64
Version: 1.1.2
Check: Rd cross-references
Result: NOTE
Undeclared package ‘Rtsne’ in Rd xrefs
Flavor: r-devel-linux-x86_64-fedora-clang