Last updated on 2024-04-23 20:52:15 CEST.
Flavor | Version | Tinstall | Tcheck | Ttotal | Status | Flags |
---|---|---|---|---|---|---|
r-devel-linux-x86_64-debian-clang | 1.1.1 | 28.85 | 28.70 | 57.55 | NOTE | |
r-devel-linux-x86_64-debian-gcc | 1.1.1 | 23.67 | 21.96 | 45.63 | NOTE | |
r-devel-linux-x86_64-fedora-clang | 1.1.1 | 84.96 | NOTE | |||
r-devel-linux-x86_64-fedora-gcc | 1.1.1 | 81.38 | NOTE | |||
r-prerel-macos-arm64 | 1.1.1 | 24.00 | NOTE | |||
r-prerel-windows-x86_64 | 1.1.1 | 26.00 | 69.00 | 95.00 | NOTE | |
r-patched-linux-x86_64 | 1.1.1 | 29.46 | 27.68 | 57.14 | NOTE | |
r-release-linux-x86_64 | 1.1.1 | 28.08 | 26.72 | 54.80 | NOTE | |
r-release-macos-arm64 | 1.1.1 | 26.00 | NOTE | |||
r-release-macos-x86_64 | 1.1.1 | 38.00 | NOTE | |||
r-release-windows-x86_64 | 1.1.1 | 25.00 | 96.00 | 121.00 | NOTE | |
r-oldrel-macos-arm64 | 1.1.1 | 26.00 | OK | |||
r-oldrel-windows-x86_64 | 1.1.1 | 31.00 | 70.00 | 101.00 | OK |
Version: 1.1.1
Check: C++ specification
Result: NOTE
Specified C++11: please drop specification unless essential
Flavors: r-devel-linux-x86_64-debian-clang, r-devel-linux-x86_64-debian-gcc, r-devel-linux-x86_64-fedora-clang, r-devel-linux-x86_64-fedora-gcc, r-prerel-macos-arm64, r-prerel-windows-x86_64, r-patched-linux-x86_64, r-release-linux-x86_64, r-release-macos-arm64, r-release-macos-x86_64, r-release-windows-x86_64