Last updated on 2024-04-19 20:56:48 CEST.
Flavor | Version | Tinstall | Tcheck | Ttotal | Status | Flags |
---|---|---|---|---|---|---|
r-devel-linux-x86_64-debian-clang | 0.6-0 | 46.97 | 180.69 | 227.66 | OK | |
r-devel-linux-x86_64-debian-gcc | 0.6-0 | OK | ||||
r-devel-linux-x86_64-fedora-clang | 0.6-0 | 267.91 | OK | |||
r-devel-linux-x86_64-fedora-gcc | 0.6-0 | 332.22 | OK | |||
r-prerel-macos-arm64 | 0.6-0 | 64.00 | NOTE | |||
r-prerel-windows-x86_64 | 0.6-0 | 39.00 | 220.00 | 259.00 | OK | |
r-patched-linux-x86_64 | 0.6-0 | 49.33 | 190.99 | 240.32 | OK | |
r-release-linux-x86_64 | 0.6-0 | 46.72 | 186.26 | 232.98 | OK | |
r-release-macos-arm64 | 0.6-0 | 101.00 | NOTE | |||
r-release-macos-x86_64 | 0.6-0 | 144.00 | NOTE | |||
r-release-windows-x86_64 | 0.6-0 | 48.00 | 223.00 | 271.00 | OK | |
r-oldrel-macos-arm64 | 0.6-0 | 72.00 | NOTE | |||
r-oldrel-windows-x86_64 | 0.6-0 | 45.00 | 219.00 | 264.00 | OK |
Version: 0.6-0
Check: installed package size
Result: NOTE
installed size is 6.6Mb
sub-directories of 1Mb or more:
libs 6.0Mb
Flavors: r-prerel-macos-arm64, r-release-macos-arm64, r-release-macos-x86_64, r-oldrel-macos-arm64