CRAN Package Check Results for Package RcppNumerical

Last updated on 2022-11-26 19:55:26 CET.

Flavor Version Tinstall Tcheck Ttotal Status Flags
r-devel-linux-x86_64-debian-clang 0.4-0 37.34 155.47 192.81 NOTE
r-devel-linux-x86_64-debian-gcc 0.4-0 31.47 123.98 155.45 NOTE
r-devel-linux-x86_64-fedora-clang 0.4-0 243.65 NOTE
r-devel-linux-x86_64-fedora-gcc 0.4-0 256.14 NOTE
r-devel-windows-x86_64 0.4-0 44.00 221.00 265.00 NOTE
r-patched-linux-x86_64 0.4-0 NOTE
r-release-linux-x86_64 0.4-0 34.13 154.42 188.55 NOTE
r-release-macos-arm64 0.4-0 65.00 NOTE
r-release-macos-x86_64 0.4-0 82.00 NOTE
r-release-windows-x86_64 0.4-0 52.00 223.00 275.00 NOTE
r-oldrel-macos-arm64 0.4-0 80.00 NOTE
r-oldrel-macos-x86_64 0.4-0 110.00 NOTE
r-oldrel-windows-ix86+x86_64 0.4-0 103.00 213.00 316.00 NOTE

Check Details

Version: 0.4-0
Check: LazyData
Result: NOTE
     'LazyData' is specified without a 'data' directory
Flavors: r-devel-linux-x86_64-debian-clang, r-devel-linux-x86_64-debian-gcc, r-devel-linux-x86_64-fedora-clang, r-devel-linux-x86_64-fedora-gcc, r-devel-windows-x86_64, r-patched-linux-x86_64, r-release-linux-x86_64, r-release-macos-arm64, r-release-macos-x86_64, r-release-windows-x86_64, r-oldrel-macos-arm64, r-oldrel-macos-x86_64, r-oldrel-windows-ix86+x86_64

Version: 0.4-0
Check: installed package size
Result: NOTE
     installed size is 5.9Mb
     sub-directories of 1Mb or more:
     libs 5.4Mb
Flavors: r-release-macos-arm64, r-release-macos-x86_64, r-oldrel-macos-arm64, r-oldrel-macos-x86_64