Last updated on 2024-03-28 19:48:42 CET.
Flavor | Version | Tinstall | Tcheck | Ttotal | Status | Flags |
---|---|---|---|---|---|---|
r-devel-linux-x86_64-debian-clang | 0.3.0 | 77.89 | 138.55 | 216.44 | NOTE | |
r-devel-linux-x86_64-debian-gcc | 0.3.0 | 65.24 | 108.53 | 173.77 | NOTE | |
r-devel-linux-x86_64-fedora-clang | 0.3.0 | 271.32 | NOTE | |||
r-devel-linux-x86_64-fedora-gcc | 0.3.0 | 290.77 | NOTE | |||
r-devel-windows-x86_64 | 0.3.0 | 61.00 | 144.00 | 205.00 | NOTE | |
r-patched-linux-x86_64 | 0.3.0 | 54.45 | 145.58 | 200.03 | NOTE | |
r-release-linux-x86_64 | 0.3.0 | 54.07 | 144.36 | 198.43 | NOTE | |
r-release-macos-arm64 | 0.3.0 | 82.00 | NOTE | |||
r-release-macos-x86_64 | 0.3.0 | 136.00 | NOTE | |||
r-release-windows-x86_64 | 0.3.0 | 77.00 | 170.00 | 247.00 | NOTE | |
r-oldrel-macos-arm64 | 0.3.0 | 83.00 | NOTE | |||
r-oldrel-windows-x86_64 | 0.3.0 | 76.00 | 157.00 | 233.00 | OK |
Version: 0.3.0
Check: C++ specification
Result: NOTE
Specified C++11: please drop specification unless essential
Flavors: r-devel-linux-x86_64-debian-clang, r-devel-linux-x86_64-debian-gcc, r-devel-linux-x86_64-fedora-clang, r-devel-linux-x86_64-fedora-gcc, r-devel-windows-x86_64, r-patched-linux-x86_64, r-release-linux-x86_64, r-release-macos-arm64, r-release-macos-x86_64, r-release-windows-x86_64
Version: 0.3.0
Check: package subdirectories
Result: NOTE
Problems with news in ‘NEWS.md’:
No news entries found.
Flavors: r-devel-linux-x86_64-debian-clang, r-devel-linux-x86_64-debian-gcc, r-devel-linux-x86_64-fedora-clang, r-devel-linux-x86_64-fedora-gcc, r-devel-windows-x86_64, r-patched-linux-x86_64, r-release-linux-x86_64, r-release-macos-arm64, r-release-macos-x86_64, r-release-windows-x86_64
Version: 0.3.0
Check: installed package size
Result: NOTE
installed size is 8.3Mb
sub-directories of 1Mb or more:
libs 8.1Mb
Flavors: r-release-macos-arm64, r-release-macos-x86_64, r-oldrel-macos-arm64