Last updated on 2025-04-14 21:50:56 CEST.
Flavor | Version | Tinstall | Tcheck | Ttotal | Status | Flags |
---|---|---|---|---|---|---|
r-devel-linux-x86_64-debian-clang | 6.0.1 | 9.62 | 27.96 | 37.58 | OK | |
r-devel-linux-x86_64-debian-gcc | 6.0.1 | 7.15 | 22.72 | 29.87 | OK | |
r-devel-linux-x86_64-fedora-clang | 6.0.1 | 69.44 | NOTE | |||
r-devel-linux-x86_64-fedora-gcc | 6.0.1 | 82.26 | NOTE | |||
r-devel-windows-x86_64 | 6.0.1 | 42.00 | 53.00 | 95.00 | OK | |
r-patched-linux-x86_64 | 6.0.1 | 9.53 | 27.42 | 36.95 | OK | |
r-release-linux-x86_64 | 6.0.1 | 9.19 | 27.56 | 36.75 | OK | |
r-release-macos-arm64 | 6.0.1 | 58.00 | OK | |||
r-release-macos-x86_64 | 6.0.1 | 73.00 | OK | |||
r-release-windows-x86_64 | 6.0.1 | 51.00 | 91.00 | 142.00 | OK | |
r-oldrel-macos-arm64 | 6.0.1 | 45.00 | NOTE | |||
r-oldrel-macos-x86_64 | 6.0.1 | 138.00 | NOTE | |||
r-oldrel-windows-x86_64 | 6.0.1 | 44.00 | 56.00 | 100.00 | NOTE |
Version: 6.0.1
Check: dependencies in R code
Result: NOTE
Namespaces in Imports field not imported from:
‘knitr’ ‘rmarkdown’
All declared Imports should be used.
Flavors: r-devel-linux-x86_64-fedora-clang, r-devel-linux-x86_64-fedora-gcc
Version: 6.0.1
Check: installed package size
Result: NOTE
installed size is 46.6Mb
sub-directories of 1Mb or more:
include 46.5Mb
Flavors: r-oldrel-macos-arm64, r-oldrel-macos-x86_64, r-oldrel-windows-x86_64