Last updated on 2025-05-07 20:49:54 CEST.
Flavor | Version | Tinstall | Tcheck | Ttotal | Status | Flags |
---|---|---|---|---|---|---|
r-devel-linux-x86_64-debian-clang | 0.0.22 | 29.99 | 71.37 | 101.36 | NOTE | |
r-devel-linux-x86_64-debian-gcc | 0.0.22 | 26.23 | 48.15 | 74.38 | NOTE | |
r-devel-linux-x86_64-fedora-clang | 0.0.22 | 172.62 | OK | |||
r-devel-linux-x86_64-fedora-gcc | 0.0.22 | 210.27 | OK | |||
r-devel-windows-x86_64 | 0.0.22 | 49.00 | 157.00 | 206.00 | OK | |
r-patched-linux-x86_64 | 0.0.22 | 31.46 | 66.92 | 98.38 | OK | |
r-release-linux-x86_64 | 0.0.22 | 31.49 | 68.22 | 99.71 | OK | |
r-release-macos-arm64 | 0.0.22 | 57.00 | OK | |||
r-release-macos-x86_64 | 0.0.22 | 112.00 | OK | |||
r-release-windows-x86_64 | 0.0.22 | 52.00 | 133.00 | 185.00 | OK | |
r-oldrel-macos-arm64 | 0.0.22 | 58.00 | NOTE | |||
r-oldrel-macos-x86_64 | 0.0.22 | 85.00 | NOTE | |||
r-oldrel-windows-x86_64 | 0.0.22 | 55.00 | 146.00 | 201.00 | OK |
Version: 0.0.22
Check: CRAN incoming feasibility
Result: NOTE
Maintainer: ‘Dirk Eddelbuettel <edd@debian.org>’
No Authors@R field in DESCRIPTION.
Please add one, modifying
Authors@R: person(given = "Dirk",
family = "Eddelbuettel",
role = c("aut", "cre"),
email = "edd@debian.org")
as necessary.
Flavors: r-devel-linux-x86_64-debian-clang, r-devel-linux-x86_64-debian-gcc
Version: 0.0.22
Check: installed package size
Result: NOTE
installed size is 7.0Mb
sub-directories of 1Mb or more:
libs 6.7Mb
Flavors: r-oldrel-macos-arm64, r-oldrel-macos-x86_64