CRAN Package Check Results for Package RcppAnnoy

Last updated on 2025-11-23 20:48:59 CET.

Flavor Version Tinstall Tcheck Ttotal Status Flags
r-devel-linux-x86_64-debian-clang 0.0.22 30.01 72.08 102.09 NOTE
r-devel-linux-x86_64-debian-gcc 0.0.22 26.03 50.02 76.05 NOTE
r-devel-linux-x86_64-fedora-clang 0.0.22 44.00 128.59 172.59 OK
r-devel-windows-x86_64 0.0.22 65.00 125.00 190.00 OK
r-patched-linux-x86_64 0.0.22 30.40 69.51 99.91 OK
r-release-linux-x86_64 0.0.22 31.33 70.64 101.97 OK
r-release-macos-arm64 0.0.22 OK
r-release-macos-x86_64 0.0.22 27.00 85.00 112.00 OK
r-release-windows-x86_64 0.0.22 53.00 180.00 233.00 OK
r-oldrel-macos-arm64 0.0.22 NOTE
r-oldrel-macos-x86_64 0.0.22 20.00 65.00 85.00 NOTE
r-oldrel-windows-x86_64 0.0.22 63.00 161.00 224.00 OK

Check Details

Version: 0.0.22
Check: CRAN incoming feasibility
Result: NOTE Maintainer: ‘Dirk Eddelbuettel <edd@debian.org>’ No Authors@R field in DESCRIPTION. Please add one, modifying Authors@R: person(given = "Dirk", family = "Eddelbuettel", role = c("aut", "cre"), email = "edd@debian.org") as necessary. Flavors: r-devel-linux-x86_64-debian-clang, r-devel-linux-x86_64-debian-gcc

Version: 0.0.22
Check: installed package size
Result: NOTE installed size is 7.0Mb sub-directories of 1Mb or more: libs 6.7Mb Flavors: r-oldrel-macos-arm64, r-oldrel-macos-x86_64