Last updated on 2024-03-28 19:48:42 CET.
Flavor | Version | Tinstall | Tcheck | Ttotal | Status | Flags |
---|---|---|---|---|---|---|
r-devel-linux-x86_64-debian-clang | 0.0.9 | 57.65 | 44.12 | 101.77 | NOTE | |
r-devel-linux-x86_64-debian-gcc | 0.0.9 | 40.82 | 34.09 | 74.91 | NOTE | |
r-devel-windows-x86_64 | 0.0.9 | 39.00 | 72.00 | 111.00 | NOTE | |
r-patched-linux-x86_64 | 0.0.9 | 51.89 | 43.38 | 95.27 | NOTE | |
r-release-linux-x86_64 | 0.0.9 | 48.41 | 42.40 | 90.81 | NOTE | |
r-release-macos-arm64 | 0.0.9 | 39.00 | NOTE | |||
r-release-macos-x86_64 | 0.0.9 | 61.00 | NOTE | |||
r-release-windows-x86_64 | 0.0.9 | 37.00 | 77.00 | 114.00 | NOTE | |
r-oldrel-macos-arm64 | 0.0.9 | 32.00 | OK | |||
r-oldrel-windows-x86_64 | 0.0.9 | 47.00 | 74.00 | 121.00 | OK |
Version: 0.0.9
Check: C++ specification
Result: NOTE
Specified C++11: please drop specification unless essential
Flavors: r-devel-linux-x86_64-debian-clang, r-devel-linux-x86_64-debian-gcc, r-devel-windows-x86_64, r-patched-linux-x86_64, r-release-linux-x86_64, r-release-macos-arm64, r-release-macos-x86_64, r-release-windows-x86_64