Last updated on 2025-05-03 21:51:29 CEST.
Flavor | Version | Tinstall | Tcheck | Ttotal | Status | Flags |
---|---|---|---|---|---|---|
r-devel-linux-x86_64-debian-clang | 1.1.4 | 20.57 | 141.10 | 161.67 | NOTE | |
r-devel-linux-x86_64-debian-gcc | 1.1.4 | 17.26 | 107.85 | 125.11 | NOTE | |
r-devel-linux-x86_64-fedora-clang | 1.1.4 | 280.05 | OK | |||
r-devel-linux-x86_64-fedora-gcc | 1.1.4 | 267.11 | OK | |||
r-devel-windows-x86_64 | 1.1.4 | 36.00 | 263.00 | 299.00 | OK | |
r-patched-linux-x86_64 | 1.1.4 | 21.05 | 136.25 | 157.30 | OK | |
r-release-linux-x86_64 | OK | |||||
r-release-macos-arm64 | 1.1.4 | 93.00 | OK | |||
r-release-macos-x86_64 | 1.1.4 | 147.00 | OK | |||
r-release-windows-x86_64 | 1.1.4 | 22.00 | 169.00 | 191.00 | OK | |
r-oldrel-macos-arm64 | 1.1.4 | 92.00 | NOTE | |||
r-oldrel-macos-x86_64 | 1.1.4 | 117.00 | NOTE | |||
r-oldrel-windows-x86_64 | 1.1.4 | 26.00 | 172.00 | 198.00 | NOTE |
Version: 1.1.4
Check: CRAN incoming feasibility
Result: NOTE
Maintainer: ‘Achmad Fauzi Bagus F <fauzi.pandya@gmail.com>’
No Authors@R field in DESCRIPTION.
Please add one, modifying
Authors@R: c(person(given = c("Monalisa", "Sipahutar,Setia"),
family = "Pramana",
role = "aut",
email = "11.6790@stis.ac.id"),
person(given = "Achmad",
family = "Fauzi",
role = c("aut", "cre"),
email = "fauzi.pandya@gmail.com"))
as necessary.
Flavors: r-devel-linux-x86_64-debian-clang, r-devel-linux-x86_64-debian-gcc
Version: 1.1.4
Check: LazyData
Result: NOTE
'LazyData' is specified without a 'data' directory
Flavors: r-oldrel-macos-arm64, r-oldrel-macos-x86_64, r-oldrel-windows-x86_64