Last updated on 2025-02-21 19:50:37 CET.
Flavor | Version | Tinstall | Tcheck | Ttotal | Status | Flags |
---|---|---|---|---|---|---|
r-devel-linux-x86_64-debian-clang | 1.1.4 | 20.95 | 133.13 | 154.08 | OK | |
r-devel-linux-x86_64-debian-gcc | 1.1.4 | 15.91 | 100.28 | 116.19 | OK | |
r-devel-linux-x86_64-fedora-clang | 1.1.4 | 268.53 | OK | |||
r-devel-linux-x86_64-fedora-gcc | 1.1.4 | 254.83 | OK | |||
r-devel-macos-arm64 | 1.1.4 | 91.00 | OK | |||
r-devel-macos-x86_64 | 1.1.4 | 147.00 | OK | |||
r-devel-windows-x86_64 | 1.1.4 | 29.00 | 209.00 | 238.00 | OK | |
r-patched-linux-x86_64 | 1.1.4 | 19.65 | 126.41 | 146.06 | NOTE | |
r-release-linux-x86_64 | 1.1.4 | 19.22 | 124.82 | 144.04 | NOTE | |
r-release-macos-arm64 | 1.1.4 | 92.00 | NOTE | |||
r-release-macos-x86_64 | 1.1.4 | 117.00 | NOTE | |||
r-release-windows-x86_64 | 1.1.4 | 24.00 | 186.00 | 210.00 | NOTE | |
r-oldrel-macos-arm64 | 1.1.4 | 69.00 | NOTE | |||
r-oldrel-macos-x86_64 | 1.1.4 | 113.00 | NOTE | |||
r-oldrel-windows-x86_64 | 1.1.4 | 23.00 | 161.00 | 184.00 | NOTE |
Version: 1.1.4
Check: LazyData
Result: NOTE
'LazyData' is specified without a 'data' directory
Flavors: r-patched-linux-x86_64, r-release-linux-x86_64, r-release-macos-arm64, r-release-macos-x86_64, r-release-windows-x86_64, r-oldrel-macos-arm64, r-oldrel-macos-x86_64, r-oldrel-windows-x86_64