Last updated on 2024-07-17 20:57:09 CEST.
Flavor | Version | Tinstall | Tcheck | Ttotal | Status | Flags |
---|---|---|---|---|---|---|
r-devel-linux-x86_64-debian-clang | 0.2-2 | 22.82 | 181.15 | 203.97 | OK | |
r-devel-linux-x86_64-debian-gcc | 0.2-2 | 16.86 | 134.73 | 151.59 | OK | |
r-devel-linux-x86_64-fedora-clang | 0.2-2 | 268.18 | OK | |||
r-devel-linux-x86_64-fedora-gcc | 0.2-2 | 254.70 | OK | |||
r-devel-windows-x86_64 | 0.2-2 | 28.00 | 180.00 | 208.00 | NOTE | |
r-patched-linux-x86_64 | 0.2-2 | 28.53 | 180.04 | 208.57 | OK | |
r-release-linux-x86_64 | 0.2-2 | 22.93 | 178.89 | 201.82 | OK | |
r-release-macos-arm64 | 0.2-2 | 88.00 | OK | |||
r-release-macos-x86_64 | 0.2-2 | 116.00 | OK | |||
r-release-windows-x86_64 | 0.2-2 | 23.00 | 210.00 | 233.00 | OK | |
r-oldrel-macos-arm64 | 0.2-2 | 73.00 | OK | |||
r-oldrel-macos-x86_64 | 0.2-2 | 252.00 | OK | |||
r-oldrel-windows-x86_64 | 0.2-2 | 25.00 | 166.00 | 191.00 | OK |
Version: 0.2-2
Check: Rd cross-references
Result: NOTE
Found the following Rd file(s) with Rd \link{} targets missing package
anchors:
RcmdrPlugin.BWS1-package.Rd: crossdes, support.BWS, support.CEs,
Rcmdr
Please provide package anchors for all Rd \link{} targets not in the
package itself and the base packages.
Flavor: r-devel-windows-x86_64