CRAN Package Check Results for Package Rcmdr

Last updated on 2022-11-29 20:53:09 CET.

Flavor Version Tinstall Tcheck Ttotal Status Flags
r-devel-linux-x86_64-debian-clang 2.8-0 46.44 264.57 311.01 OK
r-devel-linux-x86_64-debian-gcc 2.8-0 35.51 190.80 226.31 OK
r-devel-linux-x86_64-fedora-clang 2.8-0 417.44 NOTE
r-devel-linux-x86_64-fedora-gcc 2.8-0 409.24 OK
r-devel-windows-x86_64 2.8-0 113.00 274.00 387.00 NOTE
r-patched-linux-x86_64 2.8-0 41.60 266.89 308.49 OK
r-release-linux-x86_64 2.8-0 52.33 271.33 323.66 OK
r-release-macos-arm64 2.8-0 83.00 NOTE
r-release-macos-x86_64 2.8-0 221.00 NOTE
r-release-windows-x86_64 2.8-0 125.00 281.00 406.00 NOTE
r-oldrel-macos-arm64 2.8-0 72.00 NOTE
r-oldrel-macos-x86_64 2.8-0 210.00 NOTE
r-oldrel-windows-ix86+x86_64 2.8-0 74.00 256.00 330.00 NOTE

Check Details

Version: 2.8-0
Check: installed package size
Result: NOTE
     installed size is 7.7Mb
     sub-directories of 1Mb or more:
     R 1.2Mb
     doc 3.3Mb
     po 2.5Mb
Flavors: r-devel-linux-x86_64-fedora-clang, r-devel-windows-x86_64, r-release-macos-arm64, r-release-macos-x86_64, r-release-windows-x86_64, r-oldrel-macos-arm64, r-oldrel-macos-x86_64, r-oldrel-windows-ix86+x86_64