Last updated on 2024-03-28 19:48:42 CET.
Flavor | Version | Tinstall | Tcheck | Ttotal | Status | Flags |
---|---|---|---|---|---|---|
r-devel-linux-x86_64-debian-clang | 0.3-6 | 16.20 | 138.04 | 154.24 | NOTE | |
r-devel-linux-x86_64-debian-gcc | 0.3-6 | 14.27 | 99.43 | 113.70 | NOTE | |
r-devel-linux-x86_64-fedora-clang | 0.3-6 | 198.24 | NOTE | |||
r-devel-linux-x86_64-fedora-gcc | 0.3-6 | 178.23 | NOTE | |||
r-devel-windows-x86_64 | 0.3-6 | 14.00 | 105.00 | 119.00 | NOTE | |
r-patched-linux-x86_64 | 0.3-6 | 16.82 | 128.72 | 145.54 | NOTE | |
r-release-linux-x86_64 | 0.3-6 | 14.13 | 135.23 | 149.36 | OK | |
r-release-macos-arm64 | 0.3-6 | 53.00 | OK | |||
r-release-macos-x86_64 | 0.3-6 | 94.00 | OK | |||
r-release-windows-x86_64 | 0.3-6 | 20.00 | 136.00 | 156.00 | OK | |
r-oldrel-macos-arm64 | 0.3-6 | 48.00 | OK | |||
r-oldrel-windows-x86_64 | 0.3-6 | 20.00 | 133.00 | 153.00 | OK |
Version: 0.3-6
Check: Rd files
Result: NOTE
checkRd: (-1) Rchoice.Rd:159: Lost braces; missing escapes or markup?
159 | \code{ranp}. If the parameters are assumed to be normally distributed \eqn{\beta_i ~ N(\beta, \Sigma)}, then the random parameter are constructed as: \deqn{\beta_{ir}=\beta+L\omega_{ir}} where \eqn{LL'=\Sigma} and \eqn{\omega_{ir}} is the {r}-th draw from standard normal distribution for individual \eqn{i}.
| ^
Flavors: r-devel-linux-x86_64-debian-clang, r-devel-linux-x86_64-debian-gcc, r-devel-linux-x86_64-fedora-clang, r-devel-linux-x86_64-fedora-gcc, r-devel-windows-x86_64, r-patched-linux-x86_64