Last updated on 2024-03-27 19:57:02 CET.
Flavor | Version | Tinstall | Tcheck | Ttotal | Status | Flags |
---|---|---|---|---|---|---|
r-devel-linux-x86_64-debian-clang | 2.2.0 | 39.56 | 179.25 | 218.81 | NOTE | |
r-devel-linux-x86_64-debian-gcc | 2.2.0 | 26.21 | 130.44 | 156.65 | NOTE | |
r-devel-linux-x86_64-fedora-clang | 2.2.0 | 268.75 | NOTE | |||
r-devel-linux-x86_64-fedora-gcc | 2.2.0 | 274.71 | NOTE | |||
r-devel-windows-x86_64 | 2.2.0 | 34.00 | 177.00 | 211.00 | NOTE | |
r-patched-linux-x86_64 | 2.2.0 | 30.92 | 166.94 | 197.86 | OK | |
r-release-linux-x86_64 | 2.2.0 | 25.34 | 170.16 | 195.50 | OK | |
r-release-macos-arm64 | 2.2.0 | 77.00 | OK | |||
r-release-macos-x86_64 | 2.2.0 | 133.00 | OK | |||
r-release-windows-x86_64 | 2.2.0 | 41.00 | 217.00 | 258.00 | OK | |
r-oldrel-macos-arm64 | 2.2.0 | 72.00 | OK | |||
r-oldrel-windows-x86_64 | 2.2.0 | 44.00 | 203.00 | 247.00 | OK |
Version: 2.2.0
Check: Rd files
Result: NOTE
checkRd: (-1) rvn_dist_lonlat.Rd:14: Lost braces; missing escapes or markup?
14 | \item{method}{calculation method as either \code{haversine} (default) or {vincentysphere}}
| ^
checkRd: (-1) rvn_gen_obsweights.Rd:29: Lost braces
29 | {wts}{returns numeric vector of weights}
| ^
checkRd: (-1) rvn_hyd_dygraph.Rd:27: Lost braces
27 | {res}{ a list of plot handles to dygraph plots}
| ^
checkRd: (-1) rvn_hydrograph_data.Rd:19: Lost braces in \itemize; meant \describe ?
checkRd: (-1) rvn_hydrograph_data.Rd:20: Lost braces in \itemize; meant \describe ?
checkRd: (-1) rvn_hydrograph_data.Rd:21: Lost braces in \itemize; meant \describe ?
checkRd: (-1) rvn_hydrograph_data.Rd:22: Lost braces in \itemize; meant \describe ?
checkRd: (-1) rvn_hydrograph_data.Rd:23: Lost braces in \itemize; meant \describe ?
checkRd: (-1) rvn_rvh_query.Rd:17: Lost braces
17 | {rvh}{rvh object in same format, but queried to condition and all features (SBtable, HRUtable, SBnetwork) updated.}
| ^
checkRd: (-1) rvn_rvh_subbasin_visnetwork_plot.Rd:15: Lost braces
15 | {p1}{returns visNetwork plot object}
| ^
checkRd: (-1) rvn_rvi_process_ggplot.Rd:40: Lost braces
40 | {p1}{returns ggplot object. Also generates a .pdf file in working directory if pdfplot argument is not NULL.}
| ^
Flavors: r-devel-linux-x86_64-debian-clang, r-devel-linux-x86_64-debian-gcc, r-devel-linux-x86_64-fedora-clang, r-devel-linux-x86_64-fedora-gcc, r-devel-windows-x86_64