Last updated on 2024-03-28 19:48:42 CET.
Flavor | Version | Tinstall | Tcheck | Ttotal | Status | Flags |
---|---|---|---|---|---|---|
r-devel-linux-x86_64-debian-clang | 1.0.0 | 47.65 | 28.40 | 76.05 | OK | |
r-devel-linux-x86_64-debian-gcc | 1.0.0 | 38.71 | 22.40 | 61.11 | OK | |
r-devel-linux-x86_64-fedora-clang | 1.0.0 | 106.44 | OK | |||
r-devel-linux-x86_64-fedora-gcc | 1.0.0 | 115.54 | OK | |||
r-devel-windows-x86_64 | 1.0.0 | 35.00 | 68.00 | 103.00 | OK | |
r-patched-linux-x86_64 | 1.0.0 | 56.57 | 28.58 | 85.15 | OK | |
r-release-linux-x86_64 | 1.0.0 | 49.29 | 27.63 | 76.92 | OK | |
r-release-macos-arm64 | 1.0.0 | 37.00 | NOTE | |||
r-release-macos-x86_64 | 1.0.0 | 48.00 | NOTE | |||
r-release-windows-x86_64 | 1.0.0 | 46.00 | 78.00 | 124.00 | OK | |
r-oldrel-macos-arm64 | 1.0.0 | 33.00 | NOTE | |||
r-oldrel-windows-x86_64 | 1.0.0 | 44.00 | 72.00 | 116.00 | OK |
Version: 1.0.0
Check: installed package size
Result: NOTE
installed size is 13.1Mb
sub-directories of 1Mb or more:
libs 13.0Mb
Flavors: r-release-macos-arm64, r-release-macos-x86_64, r-oldrel-macos-arm64