Last updated on 2024-07-17 20:57:08 CEST.
Flavor | Version | Tinstall | Tcheck | Ttotal | Status | Flags |
---|---|---|---|---|---|---|
r-devel-linux-x86_64-debian-clang | 1.3-8 | 6.12 | 34.21 | 40.33 | OK | |
r-devel-linux-x86_64-debian-gcc | 1.3-8 | 3.58 | 25.75 | 29.33 | OK | |
r-devel-linux-x86_64-fedora-clang | 1.3-8 | 50.41 | NOTE | |||
r-devel-linux-x86_64-fedora-gcc | 1.3-8 | 50.63 | OK | |||
r-devel-windows-x86_64 | 1.3-8 | 5.00 | 48.00 | 53.00 | OK | |
r-patched-linux-x86_64 | 1.3-8 | 5.98 | 32.18 | 38.16 | OK | |
r-release-linux-x86_64 | 1.3-8 | 5.17 | 31.92 | 37.09 | OK | |
r-release-macos-arm64 | 1.3-8 | 18.00 | OK | |||
r-release-macos-x86_64 | 1.3-8 | 27.00 | OK | |||
r-release-windows-x86_64 | 1.3-8 | 6.00 | 47.00 | 53.00 | OK | |
r-oldrel-macos-arm64 | 1.3-8 | 21.00 | OK | |||
r-oldrel-macos-x86_64 | 1.3-8 | 38.00 | OK | |||
r-oldrel-windows-x86_64 | 1.3-8 | 6.00 | 49.00 | 55.00 | OK |
Version: 1.3-8
Check: Rd cross-references
Result: NOTE
Undeclared package ‘arm’ in Rd xrefs
Flavor: r-devel-linux-x86_64-fedora-clang