Last updated on 2024-07-17 20:57:08 CEST.
Flavor | Version | Tinstall | Tcheck | Ttotal | Status | Flags |
---|---|---|---|---|---|---|
r-devel-linux-x86_64-debian-clang | 1.0.2 | 10.85 | 25.57 | 36.42 | OK | |
r-devel-linux-x86_64-debian-gcc | 1.0.2 | 8.67 | 19.87 | 28.54 | OK | |
r-devel-linux-x86_64-fedora-clang | 1.0.2 | 46.03 | OK | |||
r-devel-linux-x86_64-fedora-gcc | 1.0.2 | 48.11 | OK | |||
r-devel-windows-x86_64 | 1.0.2 | 9.00 | 40.00 | 49.00 | OK | |
r-patched-linux-x86_64 | 1.0.2 | 9.59 | 24.00 | 33.59 | OK | |
r-release-linux-x86_64 | 1.0.2 | 9.81 | 24.73 | 34.54 | OK | |
r-release-macos-arm64 | 1.0.2 | 22.00 | NOTE | |||
r-release-macos-x86_64 | 1.0.2 | 35.00 | NOTE | |||
r-release-windows-x86_64 | 1.0.2 | 11.00 | 41.00 | 52.00 | OK | |
r-oldrel-macos-arm64 | 1.0.2 | 27.00 | NOTE | |||
r-oldrel-macos-x86_64 | 1.0.2 | 51.00 | NOTE | |||
r-oldrel-windows-x86_64 | 1.0.2 | 11.00 | 42.00 | 53.00 | OK |
Version: 1.0.2
Check: installed package size
Result: NOTE
installed size is 5.4Mb
sub-directories of 1Mb or more:
data 5.2Mb
Flavors: r-release-macos-arm64, r-release-macos-x86_64, r-oldrel-macos-arm64, r-oldrel-macos-x86_64