Last updated on 2024-03-27 19:57:02 CET.
Flavor | Version | Tinstall | Tcheck | Ttotal | Status | Flags |
---|---|---|---|---|---|---|
r-devel-linux-x86_64-debian-clang | 3.0.0 | 22.22 | 432.32 | 454.54 | OK | |
r-devel-linux-x86_64-debian-gcc | 3.0.0 | 20.98 | 312.54 | 333.52 | OK | |
r-devel-linux-x86_64-fedora-clang | 3.0.0 | 556.48 | OK | |||
r-devel-linux-x86_64-fedora-gcc | 3.0.0 | 562.01 | OK | |||
r-devel-windows-x86_64 | 3.0.0 | 23.00 | 269.00 | 292.00 | OK | |
r-patched-linux-x86_64 | 3.0.0 | 16.63 | 413.96 | 430.59 | OK | |
r-release-linux-x86_64 | 3.0.0 | 17.05 | 420.46 | 437.51 | OK | |
r-release-macos-arm64 | 3.0.0 | 121.00 | OK | |||
r-release-macos-x86_64 | 3.0.0 | 217.00 | NOTE | |||
r-release-windows-x86_64 | 3.0.0 | 31.00 | 342.00 | 373.00 | OK | |
r-oldrel-macos-arm64 | 3.0.0 | 107.00 | OK | |||
r-oldrel-windows-x86_64 | 3.0.0 | 33.00 | 345.00 | 378.00 | OK |
Version: 3.0.0
Check: installed package size
Result: NOTE
installed size is 5.2Mb
sub-directories of 1Mb or more:
data 4.5Mb
Flavor: r-release-macos-x86_64